Last updated on 2024-04-23 08:58:16 CEST.
Flavor | Version | Tinstall | Tcheck | Ttotal | Status | Flags |
---|---|---|---|---|---|---|
r-devel-linux-x86_64-debian-clang | 1.0.4 | 39.44 | 123.25 | 162.69 | NOTE | |
r-devel-linux-x86_64-debian-gcc | 1.0.4 | 31.99 | 96.13 | 128.12 | NOTE | |
r-devel-linux-x86_64-fedora-clang | 1.0.4 | 221.71 | NOTE | |||
r-devel-linux-x86_64-fedora-gcc | 1.0.4 | 208.20 | NOTE | |||
r-prerel-macos-arm64 | 1.0.4 | 62.00 | NOTE | |||
r-prerel-windows-x86_64 | 1.0.4 | 33.00 | 149.00 | 182.00 | NOTE | |
r-patched-linux-x86_64 | 1.0.4 | 42.27 | 119.94 | 162.21 | NOTE | |
r-release-linux-x86_64 | 1.0.4 | 40.80 | 118.14 | 158.94 | NOTE | |
r-release-macos-arm64 | 1.0.4 | 82.00 | NOTE | |||
r-release-macos-x86_64 | 1.0.4 | 132.00 | NOTE | |||
r-release-windows-x86_64 | 1.0.4 | 33.00 | 175.00 | 208.00 | NOTE | |
r-oldrel-macos-arm64 | 1.0.4 | 74.00 | OK | |||
r-oldrel-windows-x86_64 | 1.0.4 | 42.00 | 173.00 | 215.00 | OK |
Version: 1.0.4
Check: C++ specification
Result: NOTE
Specified C++11: please drop specification unless essential
Flavors: r-devel-linux-x86_64-debian-clang, r-devel-linux-x86_64-debian-gcc, r-devel-linux-x86_64-fedora-clang, r-devel-linux-x86_64-fedora-gcc, r-prerel-macos-arm64, r-prerel-windows-x86_64, r-patched-linux-x86_64, r-release-linux-x86_64, r-release-macos-arm64, r-release-macos-x86_64, r-release-windows-x86_64