Last updated on 2023-11-30 00:55:58 CET.
Flavor | Version | Tinstall | Tcheck | Ttotal | Status | Flags |
---|---|---|---|---|---|---|
r-devel-linux-x86_64-debian-clang | 1.2.1 | 6.62 | 75.60 | 82.22 | ERROR | |
r-devel-linux-x86_64-debian-gcc | 1.3.0 | 7.47 | 72.34 | 79.81 | OK | |
r-devel-linux-x86_64-fedora-clang | 1.3.0 | 140.58 | OK | |||
r-devel-linux-x86_64-fedora-gcc | 1.3.0 | 136.86 | OK | |||
r-devel-windows-x86_64 | 1.3.0 | 14.00 | 107.00 | 121.00 | OK | |
r-patched-linux-x86_64 | 1.2.1 | 10.34 | 82.78 | 93.12 | OK | |
r-release-linux-x86_64 | 1.2.1 | 9.30 | 81.73 | 91.03 | OK | |
r-release-macos-arm64 | 1.3.0 | 44.00 | OK | |||
r-release-macos-x86_64 | 1.2.1 | 65.00 | OK | |||
r-release-windows-x86_64 | 1.2.1 | 12.00 | 116.00 | 128.00 | OK | |
r-oldrel-macos-arm64 | 1.3.0 | 40.00 | OK | |||
r-oldrel-macos-x86_64 | 1.2.1 | 50.00 | OK | |||
r-oldrel-windows-x86_64 | 1.3.0 | 15.00 | 107.00 | 122.00 | WARN |
Version: 1.2.1
Check: examples
Result: ERROR
Running examples in ‘scales-Ex.R’ failed
The error most likely occurred in:
> base::assign(".ptime", proc.time(), pos = "CheckExEnv")
> ### Name: label_dollar
> ### Title: Label currencies ($100, $2.50, etc)
> ### Aliases: label_dollar
>
> ### ** Examples
>
> demo_continuous(c(0, 1), labels = label_dollar())
scale_x_continuous(labels = label_dollar())
> demo_continuous(c(1, 100), labels = label_dollar())
scale_x_continuous(labels = label_dollar())
>
> # Customise currency display with prefix and suffix
> demo_continuous(c(1, 100), labels = label_dollar(prefix = "USD "))
scale_x_continuous(labels = label_dollar(prefix = "USD "))
> euro <- label_dollar(
+ prefix = "",
+ suffix = "\u20ac",
+ big.mark = ".",
+ decimal.mark = ","
+ )
> demo_continuous(c(1000, 1100), labels = euro)
scale_x_continuous(labels = euro)
Error in grid.Call(C_textBounds, as.graphicsAnnot(x$label), x$x, x$y, :
conversion failure on '1.000€' in 'mbcsToSbcs': for € (U+20AC)
Calls: <Anonymous> ... <Anonymous> -> heightDetails -> heightDetails.text -> grid.Call
Execution halted
Flavor: r-devel-linux-x86_64-debian-clang
Version: 1.3.0
Check: R files for syntax errors
Result: WARN
Warning in file 'R/label-number.R':
unable to translate '<U+03BC>s' to native encoding
Flavor: r-oldrel-windows-x86_64