CRAN Package Check Results for Package scape

Last updated on 2024-02-22 00:58:41 CET.

Flavor Version Tinstall Tcheck Ttotal Status Flags
r-devel-linux-x86_64-debian-clang 2.3.3 NOTE
r-devel-linux-x86_64-debian-gcc 2.3.3 9.16 90.91 100.07 NOTE
r-devel-linux-x86_64-fedora-clang 2.3.3 163.40 NOTE
r-devel-linux-x86_64-fedora-gcc 2.3.3 169.64 NOTE
r-devel-windows-x86_64 2.3.3 11.00 143.00 154.00 NOTE
r-patched-linux-x86_64 2.3.3 12.70 118.25 130.95 NOTE
r-release-linux-x86_64 2.3.3 7.62 119.04 126.66 NOTE
r-release-macos-arm64 2.3.3 67.00 NOTE
r-release-macos-x86_64 2.3.3 94.00 NOTE
r-release-windows-x86_64 2.3.3 15.00 156.00 171.00 NOTE
r-oldrel-macos-arm64 2.3.3 63.00 OK
r-oldrel-windows-x86_64 2.3.3 16.00 158.00 174.00 OK

Check Details

Version: 2.3.3
Check: Rd files
Result: NOTE checkRd: (-1) getSigmaR.Rd:13-14: Lost braces 13 | \item{digits}{digits}{number of decimal places to use when rounding, | ^ checkRd: (-1) x.oreo.Rd:48: Escaped LaTeX specials: \_ \_ Flavors: r-devel-linux-x86_64-debian-clang, r-devel-linux-x86_64-debian-gcc

Version: 2.3.3
Check: Rd files
Result: NOTE checkRd: (-1) x.oreo.Rd:48: Escaped LaTeX specials: \_ \_ Flavors: r-devel-linux-x86_64-fedora-clang, r-devel-linux-x86_64-fedora-gcc, r-devel-windows-x86_64, r-patched-linux-x86_64, r-release-linux-x86_64, r-release-macos-arm64, r-release-macos-x86_64, r-release-windows-x86_64