CRAN Package Check Results for Package scbursts

Last updated on 2024-02-21 00:54:40 CET.

Flavor Version Tinstall Tcheck Ttotal Status Flags
r-devel-linux-x86_64-debian-clang 1.6 NOTE
r-devel-linux-x86_64-debian-gcc 1.6 4.90 47.20 52.10 NOTE
r-devel-linux-x86_64-fedora-clang 1.6 84.97 NOTE
r-devel-linux-x86_64-fedora-gcc 1.6 93.03 NOTE
r-devel-windows-x86_64 1.6 6.00 118.00 124.00 NOTE
r-patched-linux-x86_64 1.6 4.31 60.84 65.15 NOTE
r-release-linux-x86_64 1.6 3.58 59.87 63.45 NOTE
r-release-macos-arm64 1.6 39.00 NOTE
r-release-macos-x86_64 1.6 52.00 NOTE
r-release-windows-x86_64 1.6 8.00 110.00 118.00 NOTE
r-oldrel-macos-arm64 1.6 31.00 NOTE
r-oldrel-windows-x86_64 1.6 8.00 105.00 113.00 NOTE

Check Details

Version: 1.6
Check: LazyData
Result: NOTE 'LazyData' is specified without a 'data' directory Flavors: r-devel-linux-x86_64-debian-clang, r-devel-linux-x86_64-debian-gcc, r-devel-linux-x86_64-fedora-clang, r-devel-linux-x86_64-fedora-gcc, r-devel-windows-x86_64, r-patched-linux-x86_64, r-release-linux-x86_64, r-release-macos-arm64, r-release-macos-x86_64, r-release-windows-x86_64, r-oldrel-macos-arm64, r-oldrel-windows-x86_64