CRAN Package Check Results for Package sccore

Last updated on 2024-03-03 01:00:56 CET.

Flavor Version Tinstall Tcheck Ttotal Status Flags
r-devel-linux-x86_64-debian-clang 1.0.5 69.15 75.65 144.80 OK
r-devel-linux-x86_64-debian-gcc 1.0.5 54.68 57.88 112.56 OK
r-devel-windows-x86_64 1.0.5 56.00 107.00 163.00 OK
r-patched-linux-x86_64 1.0.5 66.00 75.37 141.37 OK
r-release-linux-x86_64 1.0.5 66.16 75.27 141.43 OK
r-release-macos-arm64 1.0.5 50.00 NOTE
r-release-macos-x86_64 1.0.5 88.00 NOTE
r-release-windows-x86_64 1.0.5 75.00 121.00 196.00 OK
r-oldrel-macos-arm64 1.0.5 52.00 NOTE
r-oldrel-windows-x86_64 1.0.5 69.00 113.00 182.00 OK

Check Details

Version: 1.0.5
Check: installed package size
Result: NOTE installed size is 5.6Mb sub-directories of 1Mb or more: libs 4.8Mb Flavors: r-release-macos-arm64, r-release-macos-x86_64, r-oldrel-macos-arm64