CRAN Package Check Results for Package scistreer

Last updated on 2024-02-23 00:59:41 CET.

Flavor Version Tinstall Tcheck Ttotal Status Flags
r-devel-linux-x86_64-debian-clang 1.2.0 NOTE
r-devel-linux-x86_64-debian-gcc 1.2.0 42.72 99.49 142.21 NOTE
r-devel-linux-x86_64-fedora-clang 1.2.0 236.38 NOTE
r-devel-linux-x86_64-fedora-gcc 1.2.0 229.75 NOTE
r-devel-windows-x86_64 1.2.0 45.00 131.00 176.00 NOTE
r-patched-linux-x86_64 1.2.0 42.70 125.15 167.85 NOTE
r-release-linux-x86_64 1.2.0 41.09 127.90 168.99 NOTE
r-release-macos-arm64 1.2.0 69.00 NOTE
r-release-macos-x86_64 1.2.0 147.00 NOTE
r-release-windows-x86_64 1.2.0 58.00 160.00 218.00 NOTE
r-oldrel-macos-arm64 1.2.0 64.00 NOTE
r-oldrel-windows-x86_64 1.2.0 59.00 156.00 215.00 NOTE

Check Details

Version: 1.2.0
Check: for GNU extensions in Makefiles
Result: NOTE GNU make is a SystemRequirements. Flavors: r-devel-linux-x86_64-debian-clang, r-devel-linux-x86_64-debian-gcc, r-devel-linux-x86_64-fedora-clang, r-devel-linux-x86_64-fedora-gcc, r-devel-windows-x86_64, r-patched-linux-x86_64, r-release-linux-x86_64, r-release-macos-arm64, r-release-macos-x86_64, r-release-windows-x86_64, r-oldrel-macos-arm64, r-oldrel-windows-x86_64

Version: 1.2.0
Check: dependencies in R code
Result: NOTE Namespace in Imports field not imported from: ‘Rcpp’ All declared Imports should be used. Flavors: r-devel-linux-x86_64-fedora-clang, r-devel-linux-x86_64-fedora-gcc