CRAN Package Check Results for Package scoringTools

Last updated on 2024-03-03 01:00:56 CET.

Flavor Version Tinstall Tcheck Ttotal Status Flags
r-devel-linux-x86_64-debian-clang 0.1.2 4.25 477.67 481.92 NOTE
r-devel-linux-x86_64-debian-gcc 0.1.2 4.06 374.96 379.02 NOTE
r-devel-linux-x86_64-fedora-clang 0.1.2 576.98 NOTE
r-devel-linux-x86_64-fedora-gcc 0.1.2 565.12 NOTE
r-devel-windows-x86_64 0.1.2 6.00 260.00 266.00 NOTE
r-patched-linux-x86_64 0.1.2 5.74 390.13 395.87 NOTE
r-release-linux-x86_64 0.1.2 4.82 385.31 390.13 NOTE
r-release-macos-arm64 0.1.2 207.00 NOTE
r-release-macos-x86_64 0.1.2 558.00 NOTE
r-release-windows-x86_64 0.1.2 7.00 358.00 365.00 NOTE
r-oldrel-macos-arm64 0.1.2 169.00 OK
r-oldrel-windows-x86_64 0.1.2 10.00 363.00 373.00 OK

Check Details

Version: 0.1.2
Check: Rd \usage sections
Result: NOTE S3 methods shown with full name in Rd file 'plot.Rd': ‘plot.discretization’ S3 methods shown with full name in Rd file 'predict.Rd': ‘predict.discretization’ ‘predict.reject_infered’ S3 methods shown with full name in Rd file 'summary.Rd': ‘summary.discretization’ The \usage entries for S3 methods should use the \method markup and not their full name. See chapter ‘Writing R documentation files’ in the ‘Writing R Extensions’ manual. Flavors: r-devel-linux-x86_64-debian-clang, r-devel-linux-x86_64-debian-gcc, r-devel-linux-x86_64-fedora-clang, r-devel-linux-x86_64-fedora-gcc, r-devel-windows-x86_64

Version: 0.1.2
Check: Rd \usage sections
Result: NOTE S3 methods shown with full name in documentation object 'plot': ‘plot.discretization’ S3 methods shown with full name in documentation object 'predict': ‘predict.discretization’ ‘predict.reject_infered’ S3 methods shown with full name in documentation object 'summary': ‘summary.discretization’ The \usage entries for S3 methods should use the \method markup and not their full name. See chapter ‘Writing R documentation files’ in the ‘Writing R Extensions’ manual. Flavors: r-patched-linux-x86_64, r-release-linux-x86_64, r-release-macos-arm64, r-release-macos-x86_64, r-release-windows-x86_64