CRAN Package Check Results for Package scs

Last updated on 2024-02-22 16:49:28 CET.

Flavor Version Tinstall Tcheck Ttotal Status Flags
r-devel-linux-x86_64-debian-clang 3.2.4 NOTE
r-devel-linux-x86_64-debian-gcc 3.2.4 11.05 20.26 31.31 NOTE
r-devel-linux-x86_64-fedora-clang 3.2.4 45.70 NOTE
r-devel-linux-x86_64-fedora-gcc 3.2.4 51.87 NOTE
r-devel-windows-x86_64 3.2.4 29.00 45.00 74.00 NOTE
r-patched-linux-x86_64 3.2.4 13.85 25.27 39.12 NOTE
r-release-linux-x86_64 3.2.4 13.64 25.36 39.00 NOTE
r-release-macos-arm64 3.2.4 22.00 NOTE
r-release-macos-x86_64 3.2.4 30.00 NOTE
r-release-windows-x86_64 3.2.4 28.00 47.00 75.00 NOTE
r-oldrel-macos-arm64 3.2.4 21.00 NOTE
r-oldrel-windows-x86_64 3.2.4 34.00 50.00 84.00 NOTE

Check Details

Version: 3.2.4
Check: for GNU extensions in Makefiles
Result: NOTE GNU make is a SystemRequirements. Flavors: r-devel-linux-x86_64-debian-clang, r-devel-linux-x86_64-debian-gcc, r-devel-linux-x86_64-fedora-clang, r-devel-linux-x86_64-fedora-gcc, r-devel-windows-x86_64, r-patched-linux-x86_64, r-release-linux-x86_64, r-release-macos-arm64, r-release-macos-x86_64, r-release-windows-x86_64, r-oldrel-macos-arm64, r-oldrel-windows-x86_64