Last updated on 2023-09-22 00:53:29 CEST.
Flavor | Version | Tinstall | Tcheck | Ttotal | Status | Flags |
---|---|---|---|---|---|---|
r-devel-linux-x86_64-debian-clang | 0.5.2 | 3.62 | 107.30 | 110.92 | OK | |
r-devel-linux-x86_64-debian-gcc | 0.5.2 | 2.93 | 83.24 | 86.17 | OK | |
r-devel-linux-x86_64-fedora-clang | 0.5.2 | 141.86 | OK | |||
r-devel-linux-x86_64-fedora-gcc | 0.5.2 | 142.55 | OK | |||
r-devel-windows-x86_64 | 0.5.2 | 4.00 | 112.00 | 116.00 | OK | |
r-patched-linux-x86_64 | 0.5.2 | 5.78 | 104.97 | 110.75 | OK | |
r-release-linux-x86_64 | 0.5.2 | 3.61 | 103.69 | 107.30 | OK | |
r-release-macos-arm64 | 0.5.2 | 44.00 | ERROR | |||
r-release-macos-x86_64 | 0.5.2 | 66.00 | ERROR | |||
r-release-windows-x86_64 | 0.5.2 | 5.00 | 129.00 | 134.00 | OK | |
r-oldrel-macos-arm64 | 0.5.2 | 31.00 | OK | |||
r-oldrel-macos-x86_64 | 0.5.2 | 39.00 | OK | |||
r-oldrel-windows-x86_64 | 0.5.2 | 5.00 | 130.00 | 135.00 | OK |
Version: 0.5.2
Check: re-building of vignette outputs
Result: ERROR
Error(s) in re-building vignettes:
...
--- re-building ‘sdcSpatial.Rmd’ using rmarkdown
Quitting from lines 190-192 (sdcSpatial.Rmd)
Error: processing vignette 'sdcSpatial.Rmd' failed with diagnostics:
different crs
--- failed re-building ‘sdcSpatial.Rmd’
SUMMARY: processing the following file failed:
‘sdcSpatial.Rmd’
Error: Vignette re-building failed.
Execution halted
Flavor: r-release-macos-arm64
Version: 0.5.2
Check: re-building of vignette outputs
Result: ERROR
Error(s) in re-building vignettes:
...
--- re-building ‘sdcSpatial.Rmd’ using rmarkdown
Pandoc is required to build R Markdown vignettes but not available. Please make sure it is installed.
Quitting from lines 190-192 (sdcSpatial.Rmd)
Error: processing vignette 'sdcSpatial.Rmd' failed with diagnostics:
different crs
--- failed re-building ‘sdcSpatial.Rmd’
SUMMARY: processing the following file failed:
‘sdcSpatial.Rmd’
Error: Vignette re-building failed.
Execution halted
Flavor: r-release-macos-x86_64