Last updated on 2024-04-20 08:51:12 CEST.
Flavor | Version | Tinstall | Tcheck | Ttotal | Status | Flags |
---|---|---|---|---|---|---|
r-devel-linux-x86_64-debian-clang | 0.5.2 | 3.42 | 113.41 | 116.83 | OK | |
r-devel-linux-x86_64-debian-gcc | 0.5.2 | 2.79 | 85.44 | 88.23 | OK | |
r-devel-linux-x86_64-fedora-clang | 0.5.2 | 140.37 | OK | |||
r-devel-linux-x86_64-fedora-gcc | 0.5.2 | 155.11 | OK | |||
r-prerel-macos-arm64 | 0.5.2 | 47.00 | OK | |||
r-prerel-windows-x86_64 | 0.5.2 | 4.00 | 105.00 | 109.00 | OK | |
r-patched-linux-x86_64 | 0.5.2 | 5.97 | 107.17 | 113.14 | OK | |
r-release-linux-x86_64 | 0.5.2 | 3.05 | 105.63 | 108.68 | OK | |
r-release-macos-arm64 | 0.5.2 | 44.00 | ERROR | |||
r-release-macos-x86_64 | 0.5.2 | 66.00 | ERROR | |||
r-release-windows-x86_64 | 0.5.2 | 6.00 | 127.00 | 133.00 | OK | |
r-oldrel-macos-arm64 | 0.5.2 | 31.00 | OK | |||
r-oldrel-windows-x86_64 | 0.5.2 | 5.00 | 127.00 | 132.00 | OK |
Version: 0.5.2
Check: re-building of vignette outputs
Result: ERROR
Error(s) in re-building vignettes:
...
--- re-building ‘sdcSpatial.Rmd’ using rmarkdown
Quitting from lines 190-192 (sdcSpatial.Rmd)
Error: processing vignette 'sdcSpatial.Rmd' failed with diagnostics:
different crs
--- failed re-building ‘sdcSpatial.Rmd’
SUMMARY: processing the following file failed:
‘sdcSpatial.Rmd’
Error: Vignette re-building failed.
Execution halted
Flavor: r-release-macos-arm64
Version: 0.5.2
Check: re-building of vignette outputs
Result: ERROR
Error(s) in re-building vignettes:
...
--- re-building ‘sdcSpatial.Rmd’ using rmarkdown
Pandoc is required to build R Markdown vignettes but not available. Please make sure it is installed.
Quitting from lines 190-192 (sdcSpatial.Rmd)
Error: processing vignette 'sdcSpatial.Rmd' failed with diagnostics:
different crs
--- failed re-building ‘sdcSpatial.Rmd’
SUMMARY: processing the following file failed:
‘sdcSpatial.Rmd’
Error: Vignette re-building failed.
Execution halted
Flavor: r-release-macos-x86_64