Last updated on 2024-05-04 08:51:40 CEST.
Flavor | Version | Tinstall | Tcheck | Ttotal | Status | Flags |
---|---|---|---|---|---|---|
r-devel-linux-x86_64-debian-clang | 3.1.0 | 105.52 | 156.60 | 262.12 | OK | |
r-devel-linux-x86_64-debian-gcc | 3.1.0 | 86.72 | 120.88 | 207.60 | OK | |
r-devel-linux-x86_64-fedora-clang | 3.1.0 | 337.41 | OK | |||
r-devel-linux-x86_64-fedora-gcc | 3.1.0 | 362.46 | OK | |||
r-devel-windows-x86_64 | 3.1.0 | 77.00 | 151.00 | 228.00 | OK | |
r-patched-linux-x86_64 | 3.1.0 | 107.24 | 150.73 | 257.97 | OK | |
r-release-linux-x86_64 | 3.0.2 | 102.65 | 130.34 | 232.99 | OK | |
r-release-macos-arm64 | 3.1.0 | 99.00 | NOTE | |||
r-release-macos-x86_64 | 3.1.0 | 232.00 | NOTE | |||
r-release-windows-x86_64 | 3.1.0 | 76.00 | 150.00 | 226.00 | OK | |
r-oldrel-macos-arm64 | 3.1.0 | 115.00 | NOTE | |||
r-oldrel-macos-x86_64 | 3.1.0 | 220.00 | NOTE | |||
r-oldrel-windows-x86_64 | 3.1.0 | 70.00 | 161.00 | 231.00 | OK |
Version: 3.1.0
Check: installed package size
Result: NOTE
installed size is 9.8Mb
sub-directories of 1Mb or more:
doc 1.1Mb
libs 8.4Mb
Flavors: r-release-macos-arm64, r-release-macos-x86_64, r-oldrel-macos-arm64, r-oldrel-macos-x86_64