CRAN Package Check Results for Package seecolor

Last updated on 2024-02-25 08:53:13 CET.

Flavor Version Tinstall Tcheck Ttotal Status Flags
r-devel-linux-x86_64-debian-clang 0.2.0 2.42 30.43 32.85 OK
r-devel-linux-x86_64-debian-gcc 0.2.0 2.40 24.20 26.60 OK
r-devel-linux-x86_64-fedora-clang 0.2.0 41.49 NOTE
r-devel-linux-x86_64-fedora-gcc 0.2.0 51.05 NOTE
r-devel-windows-x86_64 0.2.0 4.00 45.00 49.00 OK
r-patched-linux-x86_64 0.2.0 2.91 29.63 32.54 OK
r-release-linux-x86_64 0.2.0 2.61 30.05 32.66 OK
r-release-macos-arm64 0.2.0 26.00 OK
r-release-macos-x86_64 0.2.0 34.00 OK
r-release-windows-x86_64 0.2.0 5.00 48.00 53.00 OK
r-oldrel-macos-arm64 0.2.0 20.00 OK
r-oldrel-windows-x86_64 0.2.0 4.00 52.00 56.00 OK

Check Details

Version: 0.2.0
Check: dependencies in R code
Result: NOTE Namespace in Imports field not imported from: ‘fansi’ All declared Imports should be used. Flavors: r-devel-linux-x86_64-fedora-clang, r-devel-linux-x86_64-fedora-gcc