CRAN Package Check Results for Package seeker

Last updated on 2024-02-29 15:53:58 CET.

Flavor Version Tinstall Tcheck Ttotal Status Flags
r-devel-linux-x86_64-debian-clang 1.1.5 8.96 91.28 100.24 OK
r-devel-linux-x86_64-debian-gcc 1.1.5 6.07 67.42 73.49 OK
r-devel-linux-x86_64-fedora-clang 1.1.5 124.56 OK
r-devel-linux-x86_64-fedora-gcc 1.1.5 139.05 OK
r-devel-windows-x86_64 1.1.5 7.00 85.00 92.00 OK
r-patched-linux-x86_64 1.1.5 5.15 88.85 94.00 OK
r-release-linux-x86_64 1.1.5 5.26 86.13 91.39 OK
r-release-macos-arm64 1.1.5 58.00 NOTE
r-release-macos-x86_64 1.1.5 88.00 NOTE
r-release-windows-x86_64 1.1.5 11.00 95.00 106.00 OK
r-oldrel-macos-arm64 1.1.5 59.00 NOTE
r-oldrel-windows-x86_64 1.1.5 11.00 99.00 110.00 OK

Check Details

Version: 1.1.5
Check: package dependencies
Result: NOTE Package suggested but not available for checking: ‘ArrayExpress’ Flavors: r-release-macos-arm64, r-oldrel-macos-arm64

Version: 1.1.5
Check: Rd cross-references
Result: NOTE Package unavailable to check Rd xrefs: ‘ArrayExpress’ Flavors: r-release-macos-arm64, r-release-macos-x86_64, r-oldrel-macos-arm64

Version: 1.1.5
Check: package dependencies
Result: NOTE Packages suggested but not available for checking: 'ArrayExpress', 'org.Mm.eg.db' Flavor: r-release-macos-x86_64