Last updated on 2024-05-21 00:57:25 CEST.
Flavor | Version | Tinstall | Tcheck | Ttotal | Status | Flags |
---|---|---|---|---|---|---|
r-devel-linux-x86_64-debian-clang | 1.3.4 | 8.13 | 70.23 | 78.36 | NOTE | |
r-devel-linux-x86_64-debian-gcc | 1.3.4 | 5.98 | 51.87 | 57.85 | NOTE | |
r-devel-linux-x86_64-fedora-clang | 1.3.4 | 99.32 | NOTE | |||
r-devel-linux-x86_64-fedora-gcc | 1.3.4 | 95.79 | NOTE | |||
r-devel-windows-x86_64 | 1.3.4 | 8.00 | 74.00 | 82.00 | NOTE | |
r-patched-linux-x86_64 | 1.3.4 | 9.31 | 67.21 | 76.52 | NOTE | |
r-release-linux-x86_64 | 1.3.4 | 7.63 | 66.06 | 73.69 | NOTE | |
r-release-macos-arm64 | 1.3.4 | 29.00 | NOTE | |||
r-release-windows-x86_64 | 1.3.4 | 9.00 | 76.00 | 85.00 | NOTE | |
r-oldrel-macos-arm64 | 1.3.4 | 29.00 | NOTE | |||
r-oldrel-macos-x86_64 | 1.3.4 | 44.00 | NOTE | |||
r-oldrel-windows-x86_64 | 1.3.4 | 11.00 | 89.00 | 100.00 | NOTE |
Version: 1.3.4
Check: LazyData
Result: NOTE
'LazyData' is specified without a 'data' directory
Flavors: r-devel-linux-x86_64-debian-clang, r-devel-linux-x86_64-debian-gcc, r-devel-linux-x86_64-fedora-clang, r-devel-linux-x86_64-fedora-gcc, r-devel-windows-x86_64, r-patched-linux-x86_64, r-release-linux-x86_64, r-release-macos-arm64, r-release-windows-x86_64, r-oldrel-macos-arm64, r-oldrel-macos-x86_64, r-oldrel-windows-x86_64
Version: 1.3.4
Check: dependencies in R code
Result: NOTE
Namespaces in Imports field not imported from:
‘cluster’ ‘factoextra’ ‘tidyr’
All declared Imports should be used.
Flavors: r-devel-linux-x86_64-fedora-clang, r-devel-linux-x86_64-fedora-gcc