CRAN Package Check Results for Package sejmRP

Last updated on 2024-02-26 16:56:36 CET.

Flavor Version Tinstall Tcheck Ttotal Status Flags
r-devel-linux-x86_64-debian-clang 1.3.4 8.43 70.26 78.69 NOTE
r-devel-linux-x86_64-debian-gcc 1.3.4 7.23 52.51 59.74 NOTE
r-devel-linux-x86_64-fedora-clang 1.3.4 99.31 NOTE
r-devel-linux-x86_64-fedora-gcc 1.3.4 102.55 NOTE
r-devel-windows-x86_64 1.3.4 9.00 73.00 82.00 NOTE
r-patched-linux-x86_64 1.3.4 7.96 66.74 74.70 NOTE
r-release-linux-x86_64 1.3.4 7.67 68.51 76.18 NOTE
r-release-macos-arm64 1.3.4 29.00 NOTE
r-release-macos-x86_64 1.3.4 44.00 NOTE
r-release-windows-x86_64 1.3.4 13.00 88.00 101.00 NOTE
r-oldrel-macos-arm64 1.3.4 27.00 NOTE
r-oldrel-windows-x86_64 1.3.4 12.00 86.00 98.00 NOTE

Check Details

Version: 1.3.4
Check: LazyData
Result: NOTE 'LazyData' is specified without a 'data' directory Flavors: r-devel-linux-x86_64-debian-clang, r-devel-linux-x86_64-debian-gcc, r-devel-linux-x86_64-fedora-clang, r-devel-linux-x86_64-fedora-gcc, r-devel-windows-x86_64, r-patched-linux-x86_64, r-release-linux-x86_64, r-release-macos-arm64, r-release-macos-x86_64, r-release-windows-x86_64, r-oldrel-macos-arm64, r-oldrel-windows-x86_64

Version: 1.3.4
Check: dependencies in R code
Result: NOTE Namespaces in Imports field not imported from: ‘cluster’ ‘factoextra’ ‘tidyr’ All declared Imports should be used. Flavors: r-devel-linux-x86_64-fedora-clang, r-devel-linux-x86_64-fedora-gcc, r-oldrel-macos-arm64