Last updated on 2024-04-28 00:56:53 CEST.
Flavor | Version | Tinstall | Tcheck | Ttotal | Status | Flags |
---|---|---|---|---|---|---|
r-devel-linux-x86_64-debian-clang | 2.3.2 | 8.80 | 170.73 | 179.53 | OK | |
r-devel-linux-x86_64-debian-gcc | 2.3.2 | 5.07 | 119.37 | 124.44 | OK | |
r-devel-linux-x86_64-fedora-clang | 2.3.2 | 217.71 | NOTE | |||
r-devel-linux-x86_64-fedora-gcc | 2.3.2 | 243.63 | NOTE | |||
r-devel-windows-x86_64 | 2.3.2 | 9.00 | 302.00 | 311.00 | OK | |
r-patched-linux-x86_64 | 2.3.2 | 7.49 | 162.90 | 170.39 | OK | |
r-release-linux-x86_64 | 2.3.2 | 5.59 | 157.55 | 163.14 | OK | |
r-release-macos-arm64 | 2.3.2 | 146.00 | OK | |||
r-release-windows-x86_64 | 2.3.2 | 9.00 | 294.00 | 303.00 | OK | |
r-oldrel-macos-arm64 | 2.3.2 | 153.00 | OK | |||
r-oldrel-macos-x86_64 | 2.3.2 | 229.00 | NOTE | |||
r-oldrel-windows-x86_64 | 2.3.2 | 12.00 | 386.00 | 398.00 | OK |
Version: 2.3.2
Check: dependencies in R code
Result: NOTE
Namespaces in Imports field not imported from:
‘knitr’ ‘rmarkdown’ ‘webp’
All declared Imports should be used.
Flavors: r-devel-linux-x86_64-fedora-clang, r-devel-linux-x86_64-fedora-gcc
Version: 2.3.2
Check: package dependencies
Result: NOTE
Package which this enhances but not available for checking: ‘semPlot’
Flavor: r-oldrel-macos-x86_64