Last updated on 2023-12-05 08:55:40 CET.
Flavor | Version | Tinstall | Tcheck | Ttotal | Status | Flags |
---|---|---|---|---|---|---|
r-devel-linux-x86_64-debian-clang | 0.9.19 | 22.08 | 1082.96 | 1105.04 | OK | |
r-devel-linux-x86_64-debian-gcc | 0.9.19 | 15.40 | 511.49 | 526.89 | OK | |
r-devel-linux-x86_64-fedora-clang | 0.9.19 | 843.83 | OK | |||
r-devel-linux-x86_64-fedora-gcc | 0.9.19 | 742.84 | OK | |||
r-devel-windows-x86_64 | 0.9.19 | 19.00 | 407.00 | 426.00 | OK | |
r-patched-linux-x86_64 | 0.9.19 | 22.59 | 672.41 | 695.00 | OK | |
r-release-linux-x86_64 | 0.9.19 | 0.81 | 2.14 | 2.95 | ERROR | |
r-release-macos-arm64 | 0.9.19 | 188.00 | OK | |||
r-release-macos-x86_64 | 0.9.19 | 485.00 | OK | |||
r-release-windows-x86_64 | 0.9.19 | 24.00 | 584.00 | 608.00 | OK | |
r-oldrel-macos-arm64 | 0.9.19 | 191.00 | OK | |||
r-oldrel-macos-x86_64 | 0.9.18 | 235.00 | OK | |||
r-oldrel-windows-x86_64 | 0.9.19 | 24.00 | 574.00 | 598.00 | OK |
Version: 0.9.19
Check: package dependencies
Result: ERROR
Package required but not available: ‘ctsemOMX’
See section ‘The DESCRIPTION file’ in the ‘Writing R Extensions’
manual.
Flavor: r-release-linux-x86_64