CRAN Package Check Results for Package shapeNA

Last updated on 2024-02-25 16:51:58 CET.

Flavor Version Tinstall Tcheck Ttotal Status Flags
r-devel-linux-x86_64-debian-clang 0.0.2 2.43 30.47 32.90 NOTE
r-devel-linux-x86_64-debian-gcc 0.0.2 2.11 23.76 25.87 NOTE
r-devel-linux-x86_64-fedora-clang 0.0.2 41.08 NOTE
r-devel-linux-x86_64-fedora-gcc 0.0.2 41.32 NOTE
r-devel-windows-x86_64 0.0.2 3.00 47.00 50.00 NOTE
r-patched-linux-x86_64 0.0.2 2.51 30.07 32.58 NOTE
r-release-linux-x86_64 0.0.2 2.79 29.93 32.72 NOTE
r-release-macos-arm64 0.0.2 19.00 NOTE
r-release-macos-x86_64 0.0.2 23.00 NOTE
r-release-windows-x86_64 0.0.2 5.00 51.00 56.00 NOTE
r-oldrel-macos-arm64 0.0.2 17.00 NOTE
r-oldrel-windows-x86_64 0.0.2 4.00 53.00 57.00 NOTE

Check Details

Version: 0.0.2
Check: Rd files
Result: NOTE checkRd: (-1) powerShape.Rd:30: Lost braces in \itemize; meant \describe ? checkRd: (-1) powerShape.Rd:31: Lost braces in \itemize; meant \describe ? checkRd: (-1) powerShape.Rd:32-33: Lost braces in \itemize; meant \describe ? checkRd: (-1) powerShapeNA.Rd:30: Lost braces in \itemize; meant \describe ? checkRd: (-1) powerShapeNA.Rd:31: Lost braces in \itemize; meant \describe ? checkRd: (-1) powerShapeNA.Rd:32-33: Lost braces in \itemize; meant \describe ? Flavors: r-devel-linux-x86_64-debian-clang, r-devel-linux-x86_64-debian-gcc

Version: 0.0.2
Check: LazyData
Result: NOTE 'LazyData' is specified without a 'data' directory Flavors: r-devel-linux-x86_64-debian-clang, r-devel-linux-x86_64-debian-gcc, r-devel-linux-x86_64-fedora-clang, r-devel-linux-x86_64-fedora-gcc, r-devel-windows-x86_64, r-patched-linux-x86_64, r-release-linux-x86_64, r-release-macos-arm64, r-release-macos-x86_64, r-release-windows-x86_64, r-oldrel-macos-arm64, r-oldrel-windows-x86_64

Version: 0.0.2
Check: dependencies in R code
Result: NOTE Namespace in Imports field not imported from: ‘stats’ All declared Imports should be used. Flavors: r-devel-linux-x86_64-fedora-clang, r-devel-linux-x86_64-fedora-gcc