Last updated on 2024-05-04 08:51:41 CEST.
Flavor | Version | Tinstall | Tcheck | Ttotal | Status | Flags |
---|---|---|---|---|---|---|
r-devel-linux-x86_64-debian-clang | 1.8.1.1 | 42.20 | 176.92 | 219.12 | OK | |
r-devel-linux-x86_64-debian-gcc | 1.8.1.1 | 36.66 | 126.75 | 163.41 | OK | |
r-devel-linux-x86_64-fedora-clang | 1.8.1.1 | 274.97 | NOTE | |||
r-devel-linux-x86_64-fedora-gcc | 1.8.1.1 | 251.30 | OK | |||
r-devel-windows-x86_64 | 1.8.1.1 | 38.00 | 174.00 | 212.00 | NOTE | |
r-patched-linux-x86_64 | 1.8.1.1 | 44.40 | 170.05 | 214.45 | OK | |
r-release-linux-x86_64 | 1.8.1.1 | 38.03 | 166.84 | 204.87 | OK | |
r-release-macos-arm64 | 1.8.1.1 | 70.00 | NOTE | |||
r-release-macos-x86_64 | 1.8.1.1 | 224.00 | NOTE | |||
r-release-windows-x86_64 | 1.8.1.1 | 36.00 | 175.00 | 211.00 | NOTE | |
r-oldrel-macos-arm64 | 1.8.1.1 | 82.00 | NOTE | |||
r-oldrel-macos-x86_64 | 1.8.1.1 | 178.00 | NOTE | |||
r-oldrel-windows-x86_64 | 1.8.1.1 | 48.00 | 213.00 | 261.00 | NOTE |
Version: 1.8.1.1
Check: installed package size
Result: NOTE
installed size is 13.5Mb
sub-directories of 1Mb or more:
R 1.5Mb
www 10.4Mb
Flavors: r-devel-linux-x86_64-fedora-clang, r-devel-windows-x86_64, r-release-macos-arm64, r-release-macos-x86_64, r-release-windows-x86_64, r-oldrel-macos-arm64, r-oldrel-macos-x86_64, r-oldrel-windows-x86_64