Last updated on 2023-12-01 00:52:11 CET.
Flavor | Version | Tinstall | Tcheck | Ttotal | Status | Flags |
---|---|---|---|---|---|---|
r-devel-linux-x86_64-debian-clang | 1.8.0 | 38.46 | 180.53 | 218.99 | OK | |
r-devel-linux-x86_64-debian-gcc | 1.8.0 | 29.84 | 135.14 | 164.98 | OK | |
r-devel-linux-x86_64-fedora-clang | 1.8.0 | 297.65 | NOTE | |||
r-devel-linux-x86_64-fedora-gcc | 1.8.0 | 286.14 | OK | |||
r-devel-windows-x86_64 | 1.8.0 | 33.00 | 189.00 | 222.00 | NOTE | |
r-patched-linux-x86_64 | 1.8.0 | 45.99 | 172.86 | 218.85 | OK | |
r-release-linux-x86_64 | 1.8.0 | 32.17 | 172.04 | 204.21 | OK | |
r-release-macos-arm64 | 1.8.0 | 79.00 | NOTE | |||
r-release-macos-x86_64 | 1.8.0 | 241.00 | NOTE | |||
r-release-windows-x86_64 | 1.8.0 | 49.00 | 242.00 | 291.00 | NOTE | |
r-oldrel-macos-arm64 | 1.8.0 | 80.00 | NOTE | |||
r-oldrel-macos-x86_64 | 1.7.5.1 | 102.00 | NOTE | |||
r-oldrel-windows-x86_64 | 1.8.0 | 48.00 | 183.00 | 231.00 | NOTE |
Version: 1.8.0
Check: installed package size
Result: NOTE
installed size is 12.3Mb
sub-directories of 1Mb or more:
R 1.4Mb
www 9.5Mb
Flavors: r-devel-linux-x86_64-fedora-clang, r-devel-windows-x86_64, r-release-macos-arm64, r-release-macos-x86_64, r-release-windows-x86_64, r-oldrel-macos-arm64, r-oldrel-windows-x86_64
Version: 1.7.5.1
Check: installed package size
Result: NOTE
installed size is 11.4Mb
sub-directories of 1Mb or more:
R 1.4Mb
www 8.6Mb
Flavor: r-oldrel-macos-x86_64