CRAN Package Check Results for Package shinyChakraUI

Last updated on 2024-02-26 08:48:57 CET.

Flavor Version Tinstall Tcheck Ttotal Status Flags
r-devel-linux-x86_64-debian-clang 1.1.1 7.61 52.86 60.47 OK
r-devel-linux-x86_64-debian-gcc 1.1.1 6.42 41.03 47.45 OK
r-devel-linux-x86_64-fedora-clang 1.1.1 73.01 NOTE
r-devel-linux-x86_64-fedora-gcc 1.1.1 75.55 OK
r-devel-windows-x86_64 1.1.1 11.00 67.00 78.00 NOTE
r-patched-linux-x86_64 1.1.1 9.34 52.72 62.06 OK
r-release-linux-x86_64 1.1.1 8.09 52.17 60.26 OK
r-release-macos-arm64 1.1.1 27.00 NOTE
r-release-macos-x86_64 1.1.1 41.00 NOTE
r-release-windows-x86_64 1.1.1 14.00 76.00 90.00 NOTE
r-oldrel-macos-arm64 1.1.1 24.00 NOTE
r-oldrel-windows-x86_64 1.1.1 18.00 74.00 92.00 NOTE

Additional issues

donttest

Check Details

Version: 1.1.1
Check: installed package size
Result: NOTE installed size is 20.6Mb sub-directories of 1Mb or more: www 19.7Mb Flavors: r-devel-linux-x86_64-fedora-clang, r-devel-windows-x86_64, r-release-macos-arm64, r-release-macos-x86_64, r-release-windows-x86_64, r-oldrel-macos-arm64, r-oldrel-windows-x86_64