CRAN Package Check Results for Package shinyGizmo

Last updated on 2024-02-21 00:54:41 CET.

Flavor Version Tinstall Tcheck Ttotal Status Flags
r-devel-linux-x86_64-debian-clang 0.4.2 NOTE
r-devel-linux-x86_64-debian-gcc 0.4.2 3.36 32.39 35.75 NOTE
r-devel-linux-x86_64-fedora-clang 0.4.2 56.47 OK
r-devel-linux-x86_64-fedora-gcc 0.4.2 58.92 OK
r-devel-windows-x86_64 0.4.2 5.00 56.00 61.00 OK
r-patched-linux-x86_64 0.4.2 3.25 40.19 43.44 OK
r-release-linux-x86_64 0.4.2 3.05 40.40 43.45 OK
r-release-macos-arm64 0.4.2 24.00 OK
r-release-macos-x86_64 0.4.2 30.00 OK
r-release-windows-x86_64 0.4.2 6.00 61.00 67.00 OK
r-oldrel-macos-arm64 0.4.2 21.00 OK
r-oldrel-windows-x86_64 0.4.2 8.00 62.00 70.00 OK

Check Details

Version: 0.4.2
Check: Rd files
Result: NOTE checkRd: (-1) js_calls.Rd:63: Lost braces in \itemize; meant \describe ? checkRd: (-1) js_calls.Rd:64: Lost braces in \itemize; meant \describe ? checkRd: (-1) js_calls.Rd:65-66: Lost braces in \itemize; meant \describe ? checkRd: (-1) js_calls.Rd:67: Lost braces in \itemize; meant \describe ? checkRd: (-1) js_calls.Rd:68: Lost braces in \itemize; meant \describe ? checkRd: (-1) js_calls.Rd:69: Lost braces in \itemize; meant \describe ? checkRd: (-1) pickCheckboxNamesAndLabels.Rd:14: Lost braces 14 | \item{choices}{link{pickCheckboxInput} choices list.} | ^ Flavors: r-devel-linux-x86_64-debian-clang, r-devel-linux-x86_64-debian-gcc