CRAN Package Check Results for Package shinyKGode

Last updated on 2024-02-21 00:54:41 CET.

Flavor Version Tinstall Tcheck Ttotal Status Flags
r-devel-linux-x86_64-debian-clang 1.0.5 NOTE
r-devel-linux-x86_64-debian-gcc 1.0.5 1.82 16.78 18.60 NOTE
r-devel-linux-x86_64-fedora-clang 1.0.5 29.66 NOTE
r-devel-linux-x86_64-fedora-gcc 1.0.5 30.11 NOTE
r-devel-windows-x86_64 1.0.5 4.00 39.00 43.00 NOTE
r-patched-linux-x86_64 1.0.5 1.49 21.26 22.75 NOTE
r-release-linux-x86_64 1.0.5 1.44 20.74 22.18 NOTE
r-release-macos-arm64 1.0.5 16.00 NOTE
r-release-macos-x86_64 1.0.5 20.00 NOTE
r-release-windows-x86_64 1.0.5 4.00 40.00 44.00 NOTE
r-oldrel-macos-arm64 1.0.5 16.00 NOTE
r-oldrel-windows-x86_64 1.0.5 4.00 43.00 47.00 NOTE

Check Details

Version: 1.0.5
Check: LazyData
Result: NOTE 'LazyData' is specified without a 'data' directory Flavors: r-devel-linux-x86_64-debian-clang, r-devel-linux-x86_64-debian-gcc, r-devel-linux-x86_64-fedora-clang, r-devel-linux-x86_64-fedora-gcc, r-devel-windows-x86_64, r-patched-linux-x86_64, r-release-linux-x86_64, r-release-macos-arm64, r-release-macos-x86_64, r-release-windows-x86_64, r-oldrel-macos-arm64, r-oldrel-windows-x86_64

Version: 1.0.5
Check: dependencies in R code
Result: NOTE Namespaces in Imports field not imported from: ‘KGode’ ‘XML’ ‘ggplot2’ ‘gridExtra’ ‘mvtnorm’ ‘reshape2’ ‘shinyjs’ All declared Imports should be used. Flavors: r-devel-linux-x86_64-fedora-clang, r-devel-linux-x86_64-fedora-gcc, r-oldrel-macos-arm64