CRAN Package Check Results for Package shinyMobile

Last updated on 2024-02-21 00:54:41 CET.

Flavor Version Tinstall Tcheck Ttotal Status Flags
r-devel-linux-x86_64-debian-clang 1.0.0 NOTE
r-devel-linux-x86_64-debian-gcc 1.0.0 7.67 67.04 74.71 NOTE
r-devel-linux-x86_64-fedora-clang 1.0.0 118.32 OK
r-devel-linux-x86_64-fedora-gcc 1.0.0 135.99 OK
r-devel-windows-x86_64 1.0.0 10.00 122.00 132.00 OK
r-patched-linux-x86_64 1.0.0 12.06 86.92 98.98 OK
r-release-linux-x86_64 1.0.0 6.52 86.31 92.83 OK
r-release-macos-arm64 1.0.0 61.00 OK
r-release-macos-x86_64 1.0.0 82.00 OK
r-release-windows-x86_64 1.0.0 12.00 137.00 149.00 OK
r-oldrel-macos-arm64 1.0.0 41.00 OK
r-oldrel-windows-x86_64 1.0.0 13.00 110.00 123.00 OK

Check Details

Version: 1.0.0
Check: Rd files
Result: NOTE checkRd: (-1) messages.Rd:40: Lost braces 40 | \item{id}{Reference to link{f7Messages} container.} | ^ Flavors: r-devel-linux-x86_64-debian-clang, r-devel-linux-x86_64-debian-gcc