Last updated on 2024-05-21 16:53:32 CEST.
Flavor | Version | Tinstall | Tcheck | Ttotal | Status | Flags |
---|---|---|---|---|---|---|
r-devel-linux-x86_64-debian-clang | 1.1.0 | 10.22 | 35.47 | 45.69 | NOTE | |
r-devel-linux-x86_64-debian-gcc | 1.1.0 | 4.51 | 27.26 | 31.77 | NOTE | |
r-devel-linux-x86_64-fedora-clang | 1.1.0 | 52.61 | NOTE | |||
r-devel-linux-x86_64-fedora-gcc | 1.1.0 | 48.85 | NOTE | |||
r-devel-windows-x86_64 | 1.1.0 | 9.00 | 48.00 | 57.00 | NOTE | |
r-patched-linux-x86_64 | 1.1.0 | 8.22 | 34.03 | 42.25 | NOTE | |
r-release-linux-x86_64 | 1.1.0 | 8.72 | 33.54 | 42.26 | NOTE | |
r-release-macos-arm64 | 1.1.0 | 21.00 | NOTE | |||
r-release-windows-x86_64 | 1.1.0 | 10.00 | 48.00 | 58.00 | NOTE | |
r-oldrel-macos-arm64 | 1.1.0 | 23.00 | NOTE | |||
r-oldrel-macos-x86_64 | 1.1.0 | 31.00 | NOTE | |||
r-oldrel-windows-x86_64 | 1.1.0 | 9.00 | 60.00 | 69.00 | NOTE |
Version: 1.1.0
Check: package dependencies
Result: NOTE
Package suggested but not available for checking: ‘uchardet’
Flavors: r-devel-linux-x86_64-debian-clang, r-devel-linux-x86_64-debian-gcc, r-devel-linux-x86_64-fedora-clang, r-devel-linux-x86_64-fedora-gcc, r-patched-linux-x86_64, r-release-linux-x86_64, r-release-macos-arm64
Version: 1.1.0
Check: LazyData
Result: NOTE
'LazyData' is specified without a 'data' directory
Flavors: r-devel-linux-x86_64-debian-clang, r-devel-linux-x86_64-debian-gcc, r-devel-linux-x86_64-fedora-clang, r-devel-linux-x86_64-fedora-gcc, r-devel-windows-x86_64, r-patched-linux-x86_64, r-release-linux-x86_64, r-release-macos-arm64, r-release-windows-x86_64, r-oldrel-macos-arm64, r-oldrel-macos-x86_64, r-oldrel-windows-x86_64
Version: 1.1.0
Check: installed package size
Result: NOTE
installed size is 21.6Mb
sub-directories of 1Mb or more:
shinyApp 21.4Mb
Flavors: r-devel-linux-x86_64-fedora-clang, r-devel-windows-x86_64, r-release-macos-arm64, r-release-windows-x86_64, r-oldrel-macos-arm64, r-oldrel-macos-x86_64, r-oldrel-windows-x86_64