CRAN Package Check Results for Package shinyNORRRM

Last updated on 2024-02-24 08:49:50 CET.

Flavor Version Tinstall Tcheck Ttotal Status Flags
r-devel-linux-x86_64-debian-clang 0.8.6 8.55 63.62 72.17 OK
r-devel-linux-x86_64-debian-gcc 0.8.6 8.16 48.63 56.79 OK
r-devel-linux-x86_64-fedora-clang 0.8.6 88.78 NOTE
r-devel-linux-x86_64-fedora-gcc 0.8.6 94.53 NOTE
r-devel-windows-x86_64 0.8.6 10.00 68.00 78.00 OK
r-patched-linux-x86_64 0.8.6 7.25 62.82 70.07 OK
r-release-linux-x86_64 0.8.6 6.37 62.48 68.85 OK
r-release-macos-arm64 0.8.6 29.00 OK
r-release-macos-x86_64 0.8.6 54.00 OK
r-release-windows-x86_64 0.8.6 12.00 78.00 90.00 OK
r-oldrel-macos-arm64 0.8.6 31.00 NOTE
r-oldrel-windows-x86_64 0.8.6 13.00 82.00 95.00 OK

Check Details

Version: 0.8.6
Check: data for non-ASCII characters
Result: NOTE Note: found 2 marked UTF-8 strings Flavors: r-devel-linux-x86_64-fedora-clang, r-devel-linux-x86_64-fedora-gcc, r-oldrel-macos-arm64