CRAN Package Check Results for Package shinyPredict

Last updated on 2024-03-03 01:00:56 CET.

Flavor Version Tinstall Tcheck Ttotal Status Flags
r-devel-linux-x86_64-debian-clang 0.1.1 1.78 21.05 22.83 NOTE
r-devel-linux-x86_64-debian-gcc 0.1.1 1.20 16.23 17.43 NOTE
r-devel-linux-x86_64-fedora-clang 0.1.1 28.82 NOTE
r-devel-linux-x86_64-fedora-gcc 0.1.1 28.00 NOTE
r-devel-windows-x86_64 0.1.1 3.00 37.00 40.00 NOTE
r-patched-linux-x86_64 0.1.1 2.18 20.62 22.80 NOTE
r-release-linux-x86_64 0.1.1 2.06 20.35 22.41 NOTE
r-release-macos-arm64 0.1.1 16.00 NOTE
r-release-macos-x86_64 0.1.1 19.00 NOTE
r-release-windows-x86_64 0.1.1 3.00 39.00 42.00 NOTE
r-oldrel-macos-arm64 0.1.1 16.00 NOTE
r-oldrel-windows-x86_64 0.1.1 4.00 41.00 45.00 NOTE

Check Details

Version: 0.1.1
Check: LazyData
Result: NOTE 'LazyData' is specified without a 'data' directory Flavors: r-devel-linux-x86_64-debian-clang, r-devel-linux-x86_64-debian-gcc, r-devel-linux-x86_64-fedora-clang, r-devel-linux-x86_64-fedora-gcc, r-devel-windows-x86_64, r-patched-linux-x86_64, r-release-linux-x86_64, r-release-macos-arm64, r-release-macos-x86_64, r-release-windows-x86_64, r-oldrel-macos-arm64, r-oldrel-windows-x86_64