CRAN Package Check Results for Package shinycustomloader

Last updated on 2024-03-03 01:00:56 CET.

Flavor Version Tinstall Tcheck Ttotal Status Flags
r-devel-linux-x86_64-debian-clang 0.9.0 2.91 37.88 40.79 NOTE
r-devel-linux-x86_64-debian-gcc 0.9.0 2.78 29.38 32.16 NOTE
r-devel-linux-x86_64-fedora-clang 0.9.0 51.53 NOTE
r-devel-linux-x86_64-fedora-gcc 0.9.0 52.84 NOTE
r-devel-windows-x86_64 0.9.0 4.00 57.00 61.00 NOTE
r-patched-linux-x86_64 0.9.0 2.59 37.75 40.34 NOTE
r-release-linux-x86_64 0.9.0 3.70 36.66 40.36 NOTE
r-release-macos-arm64 0.9.0 21.00 NOTE
r-release-macos-x86_64 0.9.0 31.00 NOTE
r-release-windows-x86_64 0.9.0 5.00 55.00 60.00 NOTE
r-oldrel-macos-arm64 0.9.0 20.00 NOTE
r-oldrel-windows-x86_64 0.9.0 5.00 62.00 67.00 NOTE

Check Details

Version: 0.9.0
Check: LazyData
Result: NOTE 'LazyData' is specified without a 'data' directory Flavors: r-devel-linux-x86_64-debian-clang, r-devel-linux-x86_64-debian-gcc, r-devel-linux-x86_64-fedora-clang, r-devel-linux-x86_64-fedora-gcc, r-devel-windows-x86_64, r-patched-linux-x86_64, r-release-linux-x86_64, r-release-macos-arm64, r-release-macos-x86_64, r-release-windows-x86_64, r-oldrel-macos-arm64, r-oldrel-windows-x86_64