CRAN Package Check Results for Package shinyfullscreen

Last updated on 2024-02-23 00:59:41 CET.

Flavor Version Tinstall Tcheck Ttotal Status Flags
r-devel-linux-x86_64-debian-clang 1.1.0 NOTE
r-devel-linux-x86_64-debian-gcc 1.1.0 2.63 29.83 32.46 NOTE
r-devel-linux-x86_64-fedora-clang 1.1.0 51.92 NOTE
r-devel-linux-x86_64-fedora-gcc 1.1.0 53.93 NOTE
r-devel-windows-x86_64 1.1.0 4.00 51.00 55.00 NOTE
r-patched-linux-x86_64 1.1.0 2.76 38.40 41.16 NOTE
r-release-linux-x86_64 1.1.0 3.33 38.88 42.21 NOTE
r-release-macos-arm64 1.1.0 20.00 NOTE
r-release-macos-x86_64 1.1.0 29.00 NOTE
r-release-windows-x86_64 1.1.0 5.00 55.00 60.00 NOTE
r-oldrel-macos-arm64 1.1.0 19.00 NOTE
r-oldrel-windows-x86_64 1.1.0 6.00 60.00 66.00 NOTE

Check Details

Version: 1.1.0
Check: LazyData
Result: NOTE 'LazyData' is specified without a 'data' directory Flavors: r-devel-linux-x86_64-debian-clang, r-devel-linux-x86_64-debian-gcc, r-devel-linux-x86_64-fedora-clang, r-devel-linux-x86_64-fedora-gcc, r-devel-windows-x86_64, r-patched-linux-x86_64, r-release-linux-x86_64, r-release-macos-arm64, r-release-macos-x86_64, r-release-windows-x86_64, r-oldrel-macos-arm64, r-oldrel-windows-x86_64