Last updated on 2024-05-21 00:57:25 CEST.
Flavor | Version | Tinstall | Tcheck | Ttotal | Status | Flags |
---|---|---|---|---|---|---|
r-devel-linux-x86_64-debian-clang | 1.0.0 | 1.69 | 22.73 | 24.42 | NOTE | |
r-devel-linux-x86_64-debian-gcc | 1.0.0 | 1.61 | 17.62 | 19.23 | NOTE | |
r-devel-linux-x86_64-fedora-clang | 1.0.0 | 31.24 | NOTE | |||
r-devel-linux-x86_64-fedora-gcc | 1.0.0 | 29.58 | NOTE | |||
r-devel-windows-x86_64 | 1.0.0 | 3.00 | 39.00 | 42.00 | NOTE | |
r-patched-linux-x86_64 | 1.0.0 | 1.63 | 21.91 | 23.54 | NOTE | |
r-release-linux-x86_64 | 1.0.0 | 1.92 | 21.41 | 23.33 | NOTE | |
r-release-macos-arm64 | 1.0.0 | 15.00 | NOTE | |||
r-release-windows-x86_64 | 1.0.0 | 2.00 | 39.00 | 41.00 | NOTE | |
r-oldrel-macos-arm64 | 1.0.0 | 18.00 | NOTE | |||
r-oldrel-macos-x86_64 | 1.0.0 | 20.00 | NOTE | |||
r-oldrel-windows-x86_64 | 1.0.0 | 3.00 | 42.00 | 45.00 | NOTE |
Version: 1.0.0
Check: LazyData
Result: NOTE
'LazyData' is specified without a 'data' directory
Flavors: r-devel-linux-x86_64-debian-clang, r-devel-linux-x86_64-debian-gcc, r-devel-linux-x86_64-fedora-clang, r-devel-linux-x86_64-fedora-gcc, r-devel-windows-x86_64, r-patched-linux-x86_64, r-release-linux-x86_64, r-release-macos-arm64, r-release-windows-x86_64, r-oldrel-macos-arm64, r-oldrel-macos-x86_64, r-oldrel-windows-x86_64