CRAN Package Check Results for Package siland

Last updated on 2024-03-03 01:00:57 CET.

Flavor Version Tinstall Tcheck Ttotal Status Flags
r-devel-linux-x86_64-debian-clang 3.0.2 35.86 478.15 514.01 NOTE
r-devel-linux-x86_64-debian-gcc 3.0.2 32.89 335.30 368.19 NOTE
r-devel-linux-x86_64-fedora-clang 3.0.2 682.14 NOTE
r-devel-linux-x86_64-fedora-gcc 3.0.2 626.48 NOTE
r-devel-windows-x86_64 3.0.2 34.00 326.00 360.00 OK
r-patched-linux-x86_64 3.0.2 33.32 458.05 491.37 OK
r-release-linux-x86_64 3.0.2 27.93 446.18 474.11 OK
r-release-macos-arm64 3.0.2 170.00 OK
r-release-macos-x86_64 3.0.2 296.00 OK
r-release-windows-x86_64 3.0.2 49.00 432.00 481.00 OK
r-oldrel-macos-arm64 3.0.2 164.00 OK
r-oldrel-windows-x86_64 3.0.2 46.00 427.00 473.00 OK

Check Details

Version: 3.0.2
Check: Rd files
Result: NOTE checkRd: (-1) siland.Rd:64: Lost braces; missing escapes or markup? 64 | \item x_{l,i}, local variable l, | ^ checkRd: (-1) siland.Rd:70: Lost braces; missing escapes or markup? 70 | \item d_{r,i} the distance between the center of pixel r and the observation at site i. | ^ Flavors: r-devel-linux-x86_64-debian-clang, r-devel-linux-x86_64-debian-gcc, r-devel-linux-x86_64-fedora-clang, r-devel-linux-x86_64-fedora-gcc