CRAN Package Check Results for Package simDNAmixtures

Last updated on 2024-02-25 16:51:59 CET.

Flavor Version Tinstall Tcheck Ttotal Status Flags
r-devel-linux-x86_64-debian-clang 1.0.1 3.95 50.13 54.08 OK
r-devel-linux-x86_64-debian-gcc 1.0.1 3.66 38.45 42.11 OK
r-devel-linux-x86_64-fedora-clang 1.0.1 67.47 NOTE
r-devel-linux-x86_64-fedora-gcc 1.0.1 81.39 NOTE
r-devel-windows-x86_64 1.0.1 5.00 61.00 66.00 OK
r-patched-linux-x86_64 1.0.1 3.55 49.27 52.82 OK
r-release-linux-x86_64 1.0.1 2.90 49.21 52.11 OK
r-release-macos-arm64 1.0.1 33.00 OK
r-release-macos-x86_64 1.0.1 43.00 OK
r-release-windows-x86_64 1.0.1 7.00 69.00 76.00 OK
r-oldrel-macos-arm64 1.0.1 25.00 NOTE
r-oldrel-windows-x86_64 1.0.1 7.00 69.00 76.00 OK

Check Details

Version: 1.0.1
Check: dependencies in R code
Result: NOTE Namespaces in Imports field not imported from: ‘pedtools’ ‘readr’ All declared Imports should be used. Flavors: r-devel-linux-x86_64-fedora-clang, r-devel-linux-x86_64-fedora-gcc, r-oldrel-macos-arm64