Last updated on 2023-09-23 00:54:06 CEST.
Flavor | Version | Tinstall | Tcheck | Ttotal | Status | Flags |
---|---|---|---|---|---|---|
r-devel-linux-x86_64-debian-clang | 2.1.2 | 90.16 | 187.53 | 277.69 | OK | |
r-devel-linux-x86_64-debian-gcc | 2.1.2 | 65.53 | 137.72 | 203.25 | OK | |
r-devel-linux-x86_64-fedora-clang | 2.1.2 | 362.68 | OK | |||
r-devel-linux-x86_64-fedora-gcc | 2.1.2 | 358.35 | OK | |||
r-devel-windows-x86_64 | 2.1.2 | 75.00 | 179.00 | 254.00 | OK | |
r-patched-linux-x86_64 | 2.1.2 | 80.66 | 179.90 | 260.56 | OK | |
r-release-linux-x86_64 | 2.1.2 | 87.19 | 179.42 | 266.61 | OK | |
r-release-macos-arm64 | 2.1.2 | 97.00 | NOTE | |||
r-release-macos-x86_64 | 2.1.2 | 161.00 | NOTE | |||
r-release-windows-x86_64 | 2.1.2 | 97.00 | 227.00 | 324.00 | OK | |
r-oldrel-macos-arm64 | 2.1.2 | 94.00 | NOTE | |||
r-oldrel-macos-x86_64 | 2.1.2 | 118.00 | NOTE | |||
r-oldrel-windows-x86_64 | 2.1.2 | 94.00 | 204.00 | 298.00 | OK |
Version: 2.1.2
Check: installed package size
Result: NOTE
installed size is 5.6Mb
sub-directories of 1Mb or more:
data 2.0Mb
libs 2.6Mb
Flavors: r-release-macos-arm64, r-release-macos-x86_64, r-oldrel-macos-arm64, r-oldrel-macos-x86_64