CRAN Package Check Results for Package simplextree

Last updated on 2024-02-27 08:55:30 CET.

Flavor Version Tinstall Tcheck Ttotal Status Flags
r-devel-linux-x86_64-debian-clang 1.0.1 84.32 72.96 157.28 NOTE
r-devel-linux-x86_64-debian-gcc 1.0.1 65.87 54.59 120.46 NOTE
r-devel-linux-x86_64-fedora-clang 1.0.1 227.28 NOTE
r-devel-linux-x86_64-fedora-gcc 1.0.1 241.26 NOTE
r-devel-windows-x86_64 1.0.1 63.00 97.00 160.00 NOTE
r-patched-linux-x86_64 1.0.1 83.19 71.89 155.08 NOTE
r-release-linux-x86_64 1.0.1 83.57 71.70 155.27 NOTE
r-release-macos-arm64 1.0.1 57.00 NOTE
r-release-macos-x86_64 1.0.1 96.00 NOTE
r-release-windows-x86_64 1.0.1 61.00 119.00 180.00 NOTE
r-oldrel-macos-arm64 1.0.1 57.00 NOTE
r-oldrel-windows-x86_64 1.0.1 86.00 108.00 194.00 NOTE

Check Details

Version: 1.0.1
Check: C++ specification
Result: NOTE Specified C++11: please drop specification unless essential Flavors: r-devel-linux-x86_64-debian-clang, r-devel-linux-x86_64-debian-gcc, r-devel-linux-x86_64-fedora-clang, r-devel-linux-x86_64-fedora-gcc, r-devel-windows-x86_64, r-patched-linux-x86_64, r-release-linux-x86_64, r-release-macos-arm64, r-release-macos-x86_64, r-release-windows-x86_64

Version: 1.0.1
Check: LazyData
Result: NOTE 'LazyData' is specified without a 'data' directory Flavors: r-devel-linux-x86_64-debian-clang, r-devel-linux-x86_64-debian-gcc, r-devel-linux-x86_64-fedora-clang, r-devel-linux-x86_64-fedora-gcc, r-devel-windows-x86_64, r-patched-linux-x86_64, r-release-linux-x86_64, r-release-macos-arm64, r-release-macos-x86_64, r-release-windows-x86_64, r-oldrel-macos-arm64, r-oldrel-windows-x86_64

Version: 1.0.1
Check: installed package size
Result: NOTE installed size is 10.1Mb sub-directories of 1Mb or more: libs 9.4Mb Flavors: r-release-macos-arm64, r-release-macos-x86_64, r-oldrel-macos-arm64