Last updated on 2023-11-28 16:48:34 CET.
Flavor | Version | Tinstall | Tcheck | Ttotal | Status | Flags |
---|---|---|---|---|---|---|
r-devel-linux-x86_64-debian-clang | 0.0.1 | 3.24 | 70.32 | 73.56 | NOTE | |
r-devel-linux-x86_64-debian-gcc | 0.0.1 | 2.37 | 51.58 | 53.95 | NOTE | |
r-devel-linux-x86_64-fedora-clang | 0.0.1 | 91.04 | NOTE | |||
r-devel-linux-x86_64-fedora-gcc | 0.0.1 | 99.01 | NOTE | |||
r-devel-windows-x86_64 | 0.0.1 | 5.00 | 79.00 | 84.00 | OK | |
r-patched-linux-x86_64 | 0.0.1 | 2.40 | 67.29 | 69.69 | OK | |
r-release-linux-x86_64 | 0.0.1 | 1.91 | 67.88 | 69.79 | OK | |
r-release-macos-arm64 | 0.0.1 | 37.00 | OK | |||
r-release-macos-x86_64 | 0.0.1 | 58.00 | OK | |||
r-release-windows-x86_64 | 0.0.1 | 5.00 | 86.00 | 91.00 | OK | |
r-oldrel-macos-arm64 | 0.0.1 | 39.00 | NOTE | |||
r-oldrel-macos-x86_64 | 0.0.1 | 47.00 | NOTE | |||
r-oldrel-windows-x86_64 | 0.0.1 | 6.00 | 89.00 | 95.00 | OK |
Version: 0.0.1
Check: Rd files
Result: NOTE
checkRd: (-1) rawCCD.Rd:20: Lost braces; missing escapes or markup?
20 | \item{distr.type}{school district type (constructed for illustration purposes; (values={"A", "B", "C", "D"})).}
| ^
checkRd: (-1) selectMatch.Rd:61: Lost braces; missing escapes or markup?
61 | \item{replacementUnitsFilename}{character; csv filename for saving {unit:replacement} directory when writeOut == TRUE; default = "replacementUnits.csv"}
| ^
checkRd: (-1) selectMatch.Rd:63: Lost braces; missing escapes or markup?
63 | \item{subUnitTableFilename}{character; csv filename for saving {unit:replacement} directory when writeOut == TRUE; default = "subUnitTable.csv"}
| ^
checkRd: (-1) selectMatch.Rd:66: Lost braces; missing escapes or markup?
66 | list with: 1) table of the form: {selected unit i: (unit i replacements)}, 2) table of the form: {potential unit i:(unit i sub-units)}, 3) balance diagnostics.
| ^
checkRd: (-1) selectMatch.Rd:66: Lost braces; missing escapes or markup?
66 | list with: 1) table of the form: {selected unit i: (unit i replacements)}, 2) table of the form: {potential unit i:(unit i sub-units)}, 3) balance diagnostics.
| ^
Flavors: r-devel-linux-x86_64-debian-clang, r-devel-linux-x86_64-debian-gcc
Version: 0.0.1
Check: dependencies in R code
Result: NOTE
Namespace in Imports field not imported from: ‘data.table’
All declared Imports should be used.
Flavors: r-devel-linux-x86_64-fedora-clang, r-devel-linux-x86_64-fedora-gcc, r-oldrel-macos-arm64, r-oldrel-macos-x86_64