CRAN Package Check Results for Package siteymlgen

Last updated on 2024-03-02 00:53:38 CET.

Flavor Version Tinstall Tcheck Ttotal Status Flags
r-devel-linux-x86_64-debian-clang 1.0.0 2.62 29.50 32.12 NOTE
r-devel-linux-x86_64-debian-gcc 1.0.0 2.09 22.53 24.62 NOTE
r-devel-linux-x86_64-fedora-clang 1.0.0 42.02 NOTE
r-devel-linux-x86_64-fedora-gcc 1.0.0 49.87 NOTE
r-devel-windows-x86_64 1.0.0 4.00 46.00 50.00 NOTE
r-patched-linux-x86_64 1.0.0 2.23 28.40 30.63 NOTE
r-release-linux-x86_64 1.0.0 2.62 28.06 30.68 NOTE
r-release-macos-arm64 1.0.0 27.00 NOTE
r-release-macos-x86_64 1.0.0 37.00 NOTE
r-release-windows-x86_64 1.0.0 5.00 49.00 54.00 NOTE
r-oldrel-macos-arm64 1.0.0 18.00 NOTE
r-oldrel-windows-x86_64 1.0.0 5.00 52.00 57.00 NOTE

Check Details

Version: 1.0.0
Check: LazyData
Result: NOTE 'LazyData' is specified without a 'data' directory Flavors: r-devel-linux-x86_64-debian-clang, r-devel-linux-x86_64-debian-gcc, r-devel-linux-x86_64-fedora-clang, r-devel-linux-x86_64-fedora-gcc, r-devel-windows-x86_64, r-patched-linux-x86_64, r-release-linux-x86_64, r-release-macos-arm64, r-release-macos-x86_64, r-release-windows-x86_64, r-oldrel-macos-arm64, r-oldrel-windows-x86_64

Version: 1.0.0
Check: dependencies in R code
Result: NOTE Namespaces in Imports field not imported from: ‘data.table’ ‘dplyr’ ‘rmarkdown’ ‘yaml’ All declared Imports should be used. Flavors: r-devel-linux-x86_64-fedora-clang, r-devel-linux-x86_64-fedora-gcc

Version: 1.0.0
Check: dependencies in R code
Result: NOTE Namespaces in Imports field not imported from: ‘data.table’ ‘dplyr’ ‘lubridate’ ‘rmarkdown’ ‘yaml’ All declared Imports should be used. Flavor: r-oldrel-macos-arm64