CRAN Package Check Results for Package slendr

Last updated on 2024-02-25 16:51:59 CET.

Flavor Version Tinstall Tcheck Ttotal Status Flags
r-devel-linux-x86_64-debian-clang 0.9.1 16.26 380.53 396.79 OK
r-devel-linux-x86_64-debian-gcc 0.9.1 13.84 277.44 291.28 OK
r-devel-linux-x86_64-fedora-clang 0.9.1 480.05 NOTE
r-devel-linux-x86_64-fedora-gcc 0.9.1 491.98 OK
r-devel-windows-x86_64 0.9.0 36.00 532.00 568.00 OK
r-patched-linux-x86_64 0.9.0 13.67 363.28 376.95 OK
r-release-linux-x86_64 0.9.0 11.42 366.51 377.93 OK
r-release-macos-arm64 0.9.1 146.00 OK
r-release-macos-x86_64 0.9.1 306.00 OK
r-release-windows-x86_64 0.9.1 32.00 361.00 393.00 OK
r-oldrel-macos-arm64 0.9.1 146.00 OK
r-oldrel-windows-x86_64 0.9.1 38.00 402.00 440.00 OK

Check Details

Version: 0.9.1
Check: installed package size
Result: NOTE installed size is 5.0Mb sub-directories of 1Mb or more: doc 3.7Mb Flavor: r-devel-linux-x86_64-fedora-clang