CRAN Package Check Results for Package slgf

Last updated on 2024-02-28 16:50:48 CET.

Flavor Version Tinstall Tcheck Ttotal Status Flags
r-devel-linux-x86_64-debian-clang 2.0.0 3.39 44.31 47.70 NOTE
r-devel-linux-x86_64-debian-gcc 2.0.0 3.39 31.86 35.25 NOTE
r-devel-linux-x86_64-fedora-clang 2.0.0 59.81 NOTE
r-devel-linux-x86_64-fedora-gcc 2.0.0 57.64 NOTE
r-devel-windows-x86_64 2.0.0 4.00 55.00 59.00 OK
r-patched-linux-x86_64 2.0.0 4.51 42.17 46.68 NOTE
r-release-linux-x86_64 2.0.0 4.36 40.91 45.27 NOTE
r-release-macos-arm64 2.0.0 30.00 OK
r-release-macos-x86_64 2.0.0 33.00 OK
r-release-windows-x86_64 2.0.0 5.00 59.00 64.00 OK
r-oldrel-macos-arm64 2.0.0 27.00 OK
r-oldrel-windows-x86_64 2.0.0 5.00 62.00 67.00 OK

Check Details

Version: 2.0.0
Check: package dependencies
Result: NOTE Package suggested but not available for checking: ‘captioner’ Flavors: r-devel-linux-x86_64-debian-clang, r-devel-linux-x86_64-debian-gcc, r-devel-linux-x86_64-fedora-clang, r-devel-linux-x86_64-fedora-gcc, r-patched-linux-x86_64, r-release-linux-x86_64