CRAN Package Check Results for Package slim

Last updated on 2024-07-15 16:56:34 CEST.

Flavor Version Tinstall Tcheck Ttotal Status Flags
r-devel-linux-x86_64-debian-clang 0.1.1 2.75 61.59 64.34 NOTE
r-devel-linux-x86_64-debian-gcc 0.1.1 2.50 45.01 47.51 NOTE
r-devel-linux-x86_64-fedora-clang 0.1.1 81.75 NOTE
r-devel-linux-x86_64-fedora-gcc 0.1.1 89.02 NOTE
r-devel-windows-x86_64 0.1.1 4.00 95.00 99.00 NOTE
r-patched-linux-x86_64 0.1.1 3.07 57.13 60.20 NOTE
r-release-linux-x86_64 0.1.1 2.97 58.79 61.76 NOTE
r-release-macos-arm64 0.1.1 33.00 NOTE
r-release-macos-x86_64 0.1.1 52.00 NOTE
r-release-windows-x86_64 0.1.1 4.00 95.00 99.00 NOTE
r-oldrel-macos-arm64 0.1.1 36.00 OK
r-oldrel-macos-x86_64 0.1.1 49.00 OK
r-oldrel-windows-x86_64 0.1.1 4.00 94.00 98.00 OK

Check Details

Version: 0.1.1
Check: Rd files
Result: NOTE checkRd: (-1) fit_slim.Rd:24: Lost braces; missing escapes or markup? 24 | sum(x' V^{-1} (y - x beta)) = 0 as the covariance V tends from V[, , 1] + | ^ Flavors: r-devel-linux-x86_64-debian-clang, r-devel-linux-x86_64-debian-gcc, r-devel-linux-x86_64-fedora-clang, r-devel-linux-x86_64-fedora-gcc, r-devel-windows-x86_64, r-patched-linux-x86_64, r-release-linux-x86_64, r-release-macos-arm64, r-release-macos-x86_64, r-release-windows-x86_64