CRAN Package Check Results for Package slim

Last updated on 2024-02-26 08:48:58 CET.

Flavor Version Tinstall Tcheck Ttotal Status Flags
r-devel-linux-x86_64-debian-clang 0.1.1 3.04 57.02 60.06 NOTE
r-devel-linux-x86_64-debian-gcc 0.1.1 2.14 43.21 45.35 NOTE
r-devel-linux-x86_64-fedora-clang 0.1.1 74.65 OK
r-devel-linux-x86_64-fedora-gcc 0.1.1 85.77 OK
r-devel-windows-x86_64 0.1.1 4.00 92.00 96.00 OK
r-patched-linux-x86_64 0.1.1 3.42 56.21 59.63 OK
r-release-linux-x86_64 0.1.1 2.85 54.40 57.25 OK
r-release-macos-arm64 0.1.1 36.00 OK
r-release-macos-x86_64 0.1.1 49.00 OK
r-release-windows-x86_64 0.1.1 4.00 90.00 94.00 OK
r-oldrel-macos-arm64 0.1.1 29.00 OK
r-oldrel-windows-x86_64 0.1.1 5.00 94.00 99.00 OK

Check Details

Version: 0.1.1
Check: Rd files
Result: NOTE checkRd: (-1) fit_slim.Rd:24: Lost braces; missing escapes or markup? 24 | sum(x' V^{-1} (y - x beta)) = 0 as the covariance V tends from V[, , 1] + | ^ Flavors: r-devel-linux-x86_64-debian-clang, r-devel-linux-x86_64-debian-gcc