Last updated on 2024-05-11 08:48:47 CEST.
Flavor | Version | Tinstall | Tcheck | Ttotal | Status | Flags |
---|---|---|---|---|---|---|
r-devel-linux-x86_64-debian-clang | 0.1.0 | 9.54 | 82.04 | 91.58 | NOTE | |
r-devel-linux-x86_64-debian-gcc | 0.1.0 | 7.07 | 60.92 | 67.99 | NOTE | |
r-devel-linux-x86_64-fedora-clang | 0.1.0 | 112.54 | NOTE | |||
r-devel-linux-x86_64-fedora-gcc | 0.1.0 | 163.17 | NOTE | |||
r-devel-windows-x86_64 | 0.1.0 | 7.00 | 76.00 | 83.00 | NOTE | |
r-patched-linux-x86_64 | 0.1.0 | 9.09 | 77.23 | 86.32 | NOTE | |
r-release-linux-x86_64 | 0.1.0 | 8.00 | 75.81 | 83.81 | NOTE | |
r-release-macos-arm64 | 0.1.0 | 34.00 | NOTE | |||
r-release-windows-x86_64 | 0.1.0 | 7.00 | 74.00 | 81.00 | NOTE | |
r-oldrel-macos-arm64 | 0.1.0 | 37.00 | NOTE | |||
r-oldrel-macos-x86_64 | 0.1.0 | 59.00 | NOTE | |||
r-oldrel-windows-x86_64 | 0.1.0 | 10.00 | 85.00 | 95.00 | NOTE |
Version: 0.1.0
Check: package subdirectories
Result: NOTE
Problems with news in ‘NEWS.md’:
No news entries found.
Flavors: r-devel-linux-x86_64-debian-clang, r-devel-linux-x86_64-debian-gcc, r-devel-linux-x86_64-fedora-clang, r-devel-linux-x86_64-fedora-gcc, r-devel-windows-x86_64, r-patched-linux-x86_64, r-release-linux-x86_64, r-release-macos-arm64, r-release-windows-x86_64, r-oldrel-macos-arm64, r-oldrel-macos-x86_64, r-oldrel-windows-x86_64