CRAN Package Check Results for Package smooth

Last updated on 2024-02-29 15:54:00 CET.

Flavor Version Tinstall Tcheck Ttotal Status Flags
r-devel-linux-x86_64-debian-clang 4.0.0 232.85 575.13 807.98 NOTE
r-devel-linux-x86_64-debian-gcc 4.0.0 190.85 412.41 603.26 NOTE
r-devel-linux-x86_64-fedora-clang 4.0.0 1006.19 NOTE
r-devel-linux-x86_64-fedora-gcc 4.0.0 1005.16 NOTE
r-devel-windows-x86_64 4.0.0 167.00 196.00 363.00 NOTE --no-vignettes
r-patched-linux-x86_64 4.0.0 160.55 553.51 714.06 OK
r-release-linux-x86_64 4.0.0 163.84 536.48 700.32 OK
r-release-macos-arm64 4.0.0 263.00 NOTE
r-release-macos-x86_64 4.0.0 579.00 NOTE
r-release-windows-x86_64 4.0.0 225.00 246.00 471.00 NOTE --no-vignettes
r-oldrel-macos-arm64 4.0.0 242.00 NOTE
r-oldrel-windows-x86_64 4.0.0 209.00 259.00 468.00 NOTE --no-vignettes

Check Details

Version: 4.0.0
Check: Rd files
Result: NOTE checkRd: (-1) cma.Rd:53: Lost braces; missing escapes or markup? 53 | phi_i = {0.5,1,1,...,0.5} / order | ^ Flavors: r-devel-linux-x86_64-debian-clang, r-devel-linux-x86_64-debian-gcc, r-devel-linux-x86_64-fedora-clang, r-devel-linux-x86_64-fedora-gcc

Version: 4.0.0
Check: installed package size
Result: NOTE installed size is 5.9Mb sub-directories of 1Mb or more: R 1.2Mb doc 3.3Mb Flavors: r-devel-linux-x86_64-fedora-clang, r-release-macos-arm64, r-release-macos-x86_64, r-oldrel-macos-arm64

Version: 4.0.0
Flags: --no-vignettes
Check: package dependencies
Result: NOTE Package suggested but not available for checking: 'doMC' Flavors: r-devel-windows-x86_64, r-release-windows-x86_64, r-oldrel-windows-x86_64

Version: 4.0.0
Flags: --no-vignettes
Check: installed package size
Result: NOTE installed size is 6.6Mb sub-directories of 1Mb or more: R 1.3Mb doc 3.3Mb libs 1.7Mb Flavors: r-devel-windows-x86_64, r-release-windows-x86_64, r-oldrel-windows-x86_64

Version: 4.0.0
Flags: --no-vignettes
Check: Rd files
Result: NOTE checkRd: (-1) cma.Rd:53: Lost braces; missing escapes or markup? 53 | phi_i = {0.5,1,1,...,0.5} / order | ^ Flavor: r-devel-windows-x86_64