CRAN Package Check Results for Package smotefamily

Last updated on 2024-03-03 01:00:57 CET.

Flavor Version Tinstall Tcheck Ttotal Status Flags
r-devel-linux-x86_64-debian-clang 1.3.1 2.95 50.81 53.76 NOTE
r-devel-linux-x86_64-debian-gcc 1.3.1 2.26 37.58 39.84 NOTE
r-devel-linux-x86_64-fedora-clang 1.3.1 65.90 NOTE
r-devel-linux-x86_64-fedora-gcc 1.3.1 63.75 NOTE
r-devel-windows-x86_64 1.3.1 4.00 57.00 61.00 NOTE
r-patched-linux-x86_64 1.3.1 3.12 48.68 51.80 OK
r-release-linux-x86_64 1.3.1 2.95 48.98 51.93 OK
r-release-macos-arm64 1.3.1 23.00 OK
r-release-macos-x86_64 1.3.1 35.00 OK
r-release-windows-x86_64 1.3.1 4.00 64.00 68.00 OK
r-oldrel-macos-arm64 1.3.1 24.00 OK
r-oldrel-windows-x86_64 1.3.1 5.00 67.00 72.00 OK

Check Details

Version: 1.3.1
Check: Rd contents
Result: NOTE Auto-generated content requiring editing in Rd file 'smotefamily-package.Rd': \references: ‘This optional section can contain literature or other refere...’ \seealso: ‘Optional links to other man pages’ \examples: ‘\dontrun{ ## Optional simple examples of the most impor...’ Flavors: r-devel-linux-x86_64-debian-clang, r-devel-linux-x86_64-debian-gcc, r-devel-linux-x86_64-fedora-clang, r-devel-linux-x86_64-fedora-gcc, r-devel-windows-x86_64