CRAN Package Check Results for Package snapKrig

Last updated on 2024-03-03 01:00:57 CET.

Flavor Version Tinstall Tcheck Ttotal Status Flags
r-devel-linux-x86_64-debian-clang 0.0.2 5.41 110.30 115.71 NOTE
r-devel-linux-x86_64-debian-gcc 0.0.2 5.73 82.38 88.11 NOTE
r-devel-linux-x86_64-fedora-clang 0.0.2 139.17 NOTE
r-devel-linux-x86_64-fedora-gcc 0.0.2 149.47 NOTE
r-devel-windows-x86_64 0.0.2 7.00 112.00 119.00 OK
r-patched-linux-x86_64 0.0.2 7.37 105.22 112.59 OK
r-release-linux-x86_64 0.0.2 5.37 106.12 111.49 OK
r-release-macos-arm64 0.0.2 47.00 OK
r-release-macos-x86_64 0.0.2 158.00 OK
r-release-windows-x86_64 0.0.2 9.00 133.00 142.00 OK
r-oldrel-macos-arm64 0.0.2 55.00 OK
r-oldrel-windows-x86_64 0.0.2 8.00 121.00 129.00 OK

Check Details

Version: 0.0.2
Check: Rd files
Result: NOTE checkRd: (-1) sk_GLS.Rd:34: Lost braces; missing escapes or markup? 34 | The GLS solution is: b = ( X^T V^{-1} X )^{-1} X^T V^{-1} z, | ^ checkRd: (-1) sk_GLS.Rd:34: Lost braces; missing escapes or markup? 34 | The GLS solution is: b = ( X^T V^{-1} X )^{-1} X^T V^{-1} z, | ^ checkRd: (-1) sk_GLS.Rd:34: Lost braces; missing escapes or markup? 34 | The GLS solution is: b = ( X^T V^{-1} X )^{-1} X^T V^{-1} z, | ^ checkRd: (-1) sk_GLS.Rd:40: Lost braces; missing escapes or markup? 40 | Operations with V^{-1} are computed using the factorization \code{fac} (see \code{sk_var}), or | ^ checkRd: (-1) sk_LL.Rd:37: Lost braces; missing escapes or markup? 37 | \code{quad_form} is z^T V^{-1} z, for the observed response vector z, which is constructed | ^ checkRd: (-1) sk_var.Rd:41: Lost braces; missing escapes or markup? 41 | returns the quadratic form X^T V^{-1} X. | ^ checkRd: (-1) sk_var.Rd:33: Lost braces; missing escapes or markup? 33 | either matrix \code{V}, or X^T V^{-1} X, or a factorization ('chol' or 'eigen') | ^ Flavors: r-devel-linux-x86_64-debian-clang, r-devel-linux-x86_64-debian-gcc, r-devel-linux-x86_64-fedora-clang, r-devel-linux-x86_64-fedora-gcc