Last updated on 2024-05-02 00:58:57 CEST.
Flavor | Version | Tinstall | Tcheck | Ttotal | Status | Flags |
---|---|---|---|---|---|---|
r-devel-linux-x86_64-debian-clang | 1.6-1 | 2.72 | 20.31 | 23.03 | OK | |
r-devel-linux-x86_64-debian-gcc | 1.6-1 | 1.93 | 18.35 | 20.28 | OK | |
r-devel-linux-x86_64-fedora-clang | 1.6-1 | 45.99 | OK | |||
r-devel-linux-x86_64-fedora-gcc | 1.6-1 | 44.63 | OK | |||
r-devel-windows-x86_64 | 1.6-1 | 3.00 | 58.00 | 61.00 | OK | |
r-patched-linux-x86_64 | 1.6-1 | 2.60 | 19.69 | 22.29 | OK | |
r-release-linux-x86_64 | 1.6-1 | 2.48 | 20.40 | 22.88 | OK | |
r-release-macos-arm64 | 1.6-1 | 22.00 | NOTE | |||
r-release-windows-x86_64 | 1.6-1 | 3.00 | 57.00 | 60.00 | OK | |
r-oldrel-macos-arm64 | 1.6-1 | 25.00 | NOTE | |||
r-oldrel-macos-x86_64 | 1.6-1 | 51.00 | NOTE | |||
r-oldrel-windows-x86_64 | 1.6-1 | 5.00 | 60.00 | 65.00 | OK |
Version: 1.6-1
Check: package dependencies
Result: NOTE
Package suggested but not available for checking: ‘Rmpi’
Flavors: r-release-macos-arm64, r-oldrel-macos-arm64, r-oldrel-macos-x86_64