CRAN Package Check Results for Package socialranking

Last updated on 2024-06-05 00:48:59 CEST.

Flavor Version Tinstall Tcheck Ttotal Status Flags
r-devel-linux-x86_64-debian-clang 1.2.0 6.11 79.98 86.09 OK
r-devel-linux-x86_64-debian-gcc 1.2.0 4.18 59.99 64.17 OK
r-devel-linux-x86_64-fedora-clang 1.2.0 104.52 NOTE
r-devel-linux-x86_64-fedora-gcc 1.2.0 112.25 OK
r-devel-windows-x86_64 1.2.0 5.00 103.00 108.00 OK
r-patched-linux-x86_64 1.2.0 5.56 78.38 83.94 OK
r-release-linux-x86_64 1.2.0 5.61 75.27 80.88 OK
r-release-macos-arm64 1.2.0 47.00 OK
r-release-macos-x86_64 1.2.0 135.00 OK
r-release-windows-x86_64 1.2.0 5.00 162.00 167.00 OK
r-oldrel-macos-arm64 1.2.0 47.00 ERROR
r-oldrel-macos-x86_64 1.2.0 99.00 ERROR
r-oldrel-windows-x86_64 1.2.0 7.00 113.00 120.00 OK

Check Details

Version: 1.2.0
Check: Rd cross-references
Result: NOTE Undeclared package ‘numbers’ in Rd xrefs Flavor: r-devel-linux-x86_64-fedora-clang

Version: 1.2.0
Check: re-building of vignette outputs
Result: ERROR Error(s) in re-building vignettes: ... --- re-building ‘socialranking.Rmd’ using rmarkdown --- finished re-building ‘socialranking.Rmd’ --- re-building ‘socialranking_pdf.Rmd’ using rmarkdown ! Missing $ inserted. <inserted text> $ l.335 socialranking_ pdf.R Try to find the following text in /Volumes/Builds/packages/big-sur-arm64/results/4.3/socialranking.Rcheck/vign_test/socialranking/vignettes/socialranking_pdf.Rmd: socialranking_ You may need to add $ $ around a certain inline R expression `r ` in /Volumes/Builds/packages/big-sur-arm64/results/4.3/socialranking.Rcheck/vign_test/socialranking/vignettes/socialranking_pdf.Rmd (see the above hint). See https://github.com/rstudio/rmarkdown/issues/385 for more info. Error: processing vignette 'socialranking_pdf.Rmd' failed with diagnostics: LaTeX failed to compile /Volumes/Builds/packages/big-sur-arm64/results/4.3/socialranking.Rcheck/vign_test/socialranking/vignettes/socialranking_pdf.tex. See https://yihui.org/tinytex/r/#debugging for debugging tips. See socialranking_pdf.log for more info. --- failed re-building ‘socialranking_pdf.Rmd’ SUMMARY: processing the following file failed: ‘socialranking_pdf.Rmd’ Error: Vignette re-building failed. Execution halted Flavor: r-oldrel-macos-arm64

Version: 1.2.0
Check: re-building of vignette outputs
Result: ERROR Error(s) in re-building vignettes: ... --- re-building ‘socialranking.Rmd’ using rmarkdown --- finished re-building ‘socialranking.Rmd’ --- re-building ‘socialranking_pdf.Rmd’ using rmarkdown ! Missing $ inserted. <inserted text> $ l.345 socialranking_ pdf.R Try to find the following text in /Volumes/Builds/packages/big-sur-x86_64/results/4.3/socialranking.Rcheck/vign_test/socialranking/vignettes/socialranking_pdf.Rmd: socialranking_ You may need to add $ $ around a certain inline R expression `r ` in /Volumes/Builds/packages/big-sur-x86_64/results/4.3/socialranking.Rcheck/vign_test/socialranking/vignettes/socialranking_pdf.Rmd (see the above hint). See https://github.com/rstudio/rmarkdown/issues/385 for more info. Error: processing vignette 'socialranking_pdf.Rmd' failed with diagnostics: LaTeX failed to compile /Volumes/Builds/packages/big-sur-x86_64/results/4.3/socialranking.Rcheck/vign_test/socialranking/vignettes/socialranking_pdf.tex. See https://yihui.org/tinytex/r/#debugging for debugging tips. See socialranking_pdf.log for more info. --- failed re-building ‘socialranking_pdf.Rmd’ SUMMARY: processing the following file failed: ‘socialranking_pdf.Rmd’ Error: Vignette re-building failed. Execution halted Flavor: r-oldrel-macos-x86_64