CRAN Package Check Results for Package solaR

Last updated on 2024-02-27 16:49:29 CET.

Flavor Version Tinstall Tcheck Ttotal Status Flags
r-devel-linux-x86_64-debian-clang 0.46 14.43 82.26 96.69 OK
r-devel-linux-x86_64-debian-gcc 0.46 9.74 62.79 72.53 OK
r-devel-linux-x86_64-fedora-clang 0.46 114.80 OK
r-devel-linux-x86_64-fedora-gcc 0.46 112.73 OK
r-devel-windows-x86_64 0.46 11.00 96.00 107.00 OK
r-patched-linux-x86_64 0.46 15.28 82.70 97.98 OK
r-release-linux-x86_64 0.46 9.81 80.61 90.42 OK
r-release-macos-arm64 0.46 40.00 OK
r-release-macos-x86_64 0.46 60.00 NOTE
r-release-windows-x86_64 0.46 14.00 112.00 126.00 OK
r-oldrel-macos-arm64 0.46 33.00 OK
r-oldrel-windows-x86_64 0.46 17.00 112.00 129.00 OK

Check Details

Version: 0.46
Check: package dependencies
Result: NOTE Packages suggested but not available for checking: 'raster', 'rasterVis', 'meteoForecast' Flavor: r-release-macos-x86_64