CRAN Package Check Results for Package solitude

Last updated on 2024-02-22 00:58:43 CET.

Flavor Version Tinstall Tcheck Ttotal Status Flags
r-devel-linux-x86_64-debian-clang 1.1.3 OK
r-devel-linux-x86_64-debian-gcc 1.1.3 2.65 25.62 28.27 OK
r-devel-linux-x86_64-fedora-clang 1.1.3 46.00 NOTE
r-devel-linux-x86_64-fedora-gcc 1.1.3 42.84 NOTE
r-devel-windows-x86_64 1.1.3 4.00 46.00 50.00 OK
r-patched-linux-x86_64 1.1.3 3.39 32.00 35.39 OK
r-release-linux-x86_64 1.1.3 2.72 32.45 35.17 OK
r-release-macos-arm64 1.1.3 19.00 OK
r-release-macos-x86_64 1.1.3 25.00 OK
r-release-windows-x86_64 1.1.3 5.00 48.00 53.00 OK
r-oldrel-macos-arm64 1.1.3 19.00 NOTE
r-oldrel-windows-x86_64 1.1.3 5.00 53.00 58.00 OK

Check Details

Version: 1.1.3
Check: dependencies in R code
Result: NOTE Namespaces in Imports field not imported from: ‘R6’ ‘lgr’ All declared Imports should be used. Flavors: r-devel-linux-x86_64-fedora-clang, r-devel-linux-x86_64-fedora-gcc, r-oldrel-macos-arm64