Last updated on 2024-05-21 16:53:33 CEST.
Flavor | Version | Tinstall | Tcheck | Ttotal | Status | Flags |
---|---|---|---|---|---|---|
r-devel-linux-x86_64-debian-clang | 0.0.7 | 18.41 | 169.45 | 187.86 | OK | |
r-devel-linux-x86_64-debian-gcc | 0.0.7 | 13.65 | 124.24 | 137.89 | OK | |
r-devel-linux-x86_64-fedora-clang | 0.0.7 | 224.63 | OK | |||
r-devel-linux-x86_64-fedora-gcc | 0.0.7 | 276.29 | OK | |||
r-devel-windows-x86_64 | 0.0.7 | 16.00 | 146.00 | 162.00 | OK | |
r-patched-linux-x86_64 | 0.0.7 | 17.04 | 153.93 | 170.97 | ERROR | |
r-release-linux-x86_64 | 0.0.7 | 17.94 | 158.47 | 176.41 | OK | |
r-release-macos-arm64 | 0.0.7 | 88.00 | ERROR | |||
r-release-macos-x86_64 | 0.0.7 | 266.00 | OK | |||
r-release-windows-x86_64 | 0.0.7 | 14.00 | 142.00 | 156.00 | OK | |
r-oldrel-macos-arm64 | 0.0.7 | 109.00 | ERROR | |||
r-oldrel-macos-x86_64 | 0.0.7 | 207.00 | OK | |||
r-oldrel-windows-x86_64 | 0.0.7 | 19.00 | 169.00 | 188.00 | OK |
Version: 0.0.7
Check: tests
Result: ERROR
Running ‘spelling.R’ [0s/0s]
Running ‘testthat.R’ [23s/57s]
Running the tests in ‘tests/testthat.R’ failed.
Complete output:
> # This file is part of the standard setup for testthat.
> # It is recommended that you do not modify it.
> #
> # Where should you do additional test configuration?
> # Learn more about the roles of various files in:
> # * https://r-pkgs.org/testing-design.html#sec-tests-files-overview
> # * https://testthat.r-lib.org/articles/special-files.html
>
> library(testthat)
> library(sonicscrewdriver)
Attaching package: 'sonicscrewdriver'
The following object is masked from 'package:base':
jitter
>
> test_check("sonicscrewdriver")
starting worker pid=1034257 on localhost:11793 at 06:19:51.321
starting worker pid=1034258 on localhost:11793 at 06:19:51.338
starting worker pid=1034295 on localhost:11793 at 06:19:51.556
starting worker pid=1034299 on localhost:11793 at 06:19:51.570
starting worker pid=1034373 on localhost:11793 at 06:19:51.760
starting worker pid=1034374 on localhost:11793 at 06:19:51.774
This is a mono file.
Calculating index. Please wait...
Bioacoustic Index: 10.97174
This is a mono file.
Calculating index. Please wait...
Bioacoustic Index: 10.97174
This is a mono file.
Calculating index. Please wait...
Acoustic Evenness Index: 0.9
This is a mono file.
Calculating index. Please wait...
Acoustic Evenness Index: 0.9
This is a mono file.
Calculating index. Please wait...
Acoustic Diversity Index: 0
This is a mono file.
Calculating index. Please wait...
Acoustic Diversity Index: 0
starting worker pid=1034933 on localhost:11793 at 06:19:54.966
starting worker pid=1034934 on localhost:11793 at 06:19:54.981
This is a mono file.
This is a mono file.
Calculating index. Please wait...
Calculating index. Please wait...
Bioacoustic Index: 10.97174
Bioacoustic Index: 10.97174
This is a mono file.
Calculating index. Please wait...
This is a mono file.
Calculating index. Please wait...
Acoustic Evenness Index: 0.9
Acoustic Evenness Index: 0.9
This is a mono file.
Calculating index. Please wait...
Acoustic Diversity Index: 0
This is a mono file.
Calculating index. Please wait...
Acoustic Diversity Index: 0
starting worker pid=1053745 on localhost:11793 at 04:20:38.779
starting worker pid=1053750 on localhost:11793 at 04:20:38.811
starting worker pid=1053890 on localhost:11793 at 04:20:39.457
starting worker pid=1053896 on localhost:11793 at 04:20:39.479
starting worker pid=1054083 on localhost:11793 at 04:20:40.312
starting worker pid=1054087 on localhost:11793 at 04:20:40.331
[ FAIL 1 | WARN 0 | SKIP 7 | PASS 833 ]
══ Skipped tests (7) ═══════════════════════════════════════════════════════════
• On CRAN (5): 'test-audioblast.R:2:3', 'test-audioblast.R:15:3',
'test-audioblast.R:30:3', 'test-audioblast.R:47:3', 'test-audioblast.R:68:3'
• ssd_birdnet not available for testing (2): 'test-birdnetReticulate.R:14:3',
'test-birdnetReticulate.R:20:3'
══ Failed tests ════════════════════════════════════════════════════════════════
── Error ('test-audioblastProcessors.R:2:3'): ab_diel_traits with real data ────
Error in `.audioblast_ASITSN(type, name, endpoint)`: traits module does not exist.
Backtrace:
▆
1. └─sonicscrewdriver::audioblast(...) at test-audioblastProcessors.R:2:3
2. └─sonicscrewdriver:::.audioblast_ASITSN(type, name, endpoint)
[ FAIL 1 | WARN 0 | SKIP 7 | PASS 833 ]
Error: Test failures
Execution halted
Flavor: r-patched-linux-x86_64
Version: 0.0.7
Check: tests
Result: ERROR
Running ‘spelling.R’ [0s/0s]
Running ‘testthat.R’ [15s/22s]
Running the tests in ‘tests/testthat.R’ failed.
Last 13 lines of output:
`expected`: "0427" "1946"
── Failure ('test-audioblastProcessors.R:103:3'): .calcTimesOfDay() works as expected ──
as.character(o[2, ]) (`actual`) not equal to c("2248", "0124") (`expected`).
`actual`: "2254" "0119"
`expected`: "2248" "0124"
── Failure ('test-audioblastProcessors.R:105:3'): .calcTimesOfDay() works as expected ──
as.character(o[4, ]) (`actual`) not equal to c("1206", "2248") (`expected`).
`actual`: "1207" "2254"
`expected`: "1206" "2248"
[ FAIL 18 | WARN 0 | SKIP 7 | PASS 821 ]
Error: Test failures
Execution halted
Flavor: r-release-macos-arm64
Version: 0.0.7
Check: tests
Result: ERROR
Running ‘spelling.R’ [0s/0s]
Running ‘testthat.R’ [18s/31s]
Running the tests in ‘tests/testthat.R’ failed.
Last 13 lines of output:
`expected`: "0427" "1946"
── Failure ('test-audioblastProcessors.R:103:3'): .calcTimesOfDay() works as expected ──
as.character(o[2, ]) (`actual`) not equal to c("2248", "0124") (`expected`).
`actual`: "2254" "0119"
`expected`: "2248" "0124"
── Failure ('test-audioblastProcessors.R:105:3'): .calcTimesOfDay() works as expected ──
as.character(o[4, ]) (`actual`) not equal to c("1206", "2248") (`expected`).
`actual`: "1207" "2254"
`expected`: "1206" "2248"
[ FAIL 18 | WARN 0 | SKIP 7 | PASS 821 ]
Error: Test failures
Execution halted
Flavor: r-oldrel-macos-arm64