CRAN Package Check Results for Package spBFA

Last updated on 2024-03-02 16:54:58 CET.

Flavor Version Tinstall Tcheck Ttotal Status Flags
r-devel-linux-x86_64-debian-clang 1.3 273.85 91.30 365.15 OK
r-devel-linux-x86_64-debian-gcc 1.3 205.48 69.05 274.53 OK
r-devel-linux-x86_64-fedora-clang 1.3 517.05 OK
r-devel-linux-x86_64-fedora-gcc 1.3 530.82 OK
r-devel-windows-x86_64 1.3 198.00 105.00 303.00 OK
r-patched-linux-x86_64 1.3 265.03 89.12 354.15 OK
r-release-linux-x86_64 1.3 258.93 88.70 347.63 OK
r-release-macos-arm64 1.3 124.00 NOTE
r-release-macos-x86_64 1.3 178.00 NOTE
r-release-windows-x86_64 1.3 257.00 120.00 377.00 OK
r-oldrel-macos-arm64 1.3 85.00 NOTE
r-oldrel-windows-x86_64 1.3 244.00 125.00 369.00 OK

Check Details

Version: 1.3
Check: installed package size
Result: NOTE installed size is 13.7Mb sub-directories of 1Mb or more: data 3.1Mb libs 10.1Mb Flavors: r-release-macos-arm64, r-release-macos-x86_64, r-oldrel-macos-arm64