CRAN Package Check Results for Package spFW

Last updated on 2024-02-25 08:53:15 CET.

Flavor Version Tinstall Tcheck Ttotal Status Flags
r-devel-linux-x86_64-debian-clang 0.1.0 78.37 60.85 139.22 NOTE
r-devel-linux-x86_64-debian-gcc 0.1.0 59.92 46.07 105.99 NOTE
r-devel-linux-x86_64-fedora-clang 0.1.0 205.35 NOTE
r-devel-linux-x86_64-fedora-gcc 0.1.0 190.65 NOTE
r-devel-windows-x86_64 0.1.0 60.00 89.00 149.00 NOTE
r-patched-linux-x86_64 0.1.0 74.72 60.04 134.76 NOTE
r-release-linux-x86_64 0.1.0 74.04 59.96 134.00 NOTE
r-release-macos-arm64 0.1.0 44.00 NOTE
r-release-macos-x86_64 0.1.0 82.00 NOTE
r-release-windows-x86_64 0.1.0 77.00 104.00 181.00 NOTE
r-oldrel-macos-arm64 0.1.0 47.00 OK
r-oldrel-windows-x86_64 0.1.0 78.00 96.00 174.00 OK

Check Details

Version: 0.1.0
Check: C++ specification
Result: NOTE Specified C++11: please drop specification unless essential Flavors: r-devel-linux-x86_64-debian-clang, r-devel-linux-x86_64-debian-gcc, r-devel-linux-x86_64-fedora-clang, r-devel-linux-x86_64-fedora-gcc, r-devel-windows-x86_64, r-patched-linux-x86_64, r-release-linux-x86_64, r-release-macos-arm64, r-release-macos-x86_64, r-release-windows-x86_64