CRAN Package Check Results for Package spacyr

Last updated on 2024-03-03 01:00:57 CET.

Flavor Version Tinstall Tcheck Ttotal Status Flags
r-devel-linux-x86_64-debian-clang 1.3.0 4.68 43.08 47.76 OK
r-devel-linux-x86_64-debian-gcc 1.3.0 3.22 32.95 36.17 OK
r-devel-linux-x86_64-fedora-clang 1.3.0 60.35 NOTE
r-devel-linux-x86_64-fedora-gcc 1.3.0 72.64 NOTE
r-devel-windows-x86_64 1.3.0 4.00 56.00 60.00 OK
r-patched-linux-x86_64 1.3.0 3.06 42.96 46.02 OK
r-release-linux-x86_64 1.3.0 4.57 43.32 47.89 OK
r-release-macos-arm64 1.3.0 32.00 OK
r-release-macos-x86_64 1.3.0 62.00 OK
r-release-windows-x86_64 1.3.0 6.00 60.00 66.00 OK
r-oldrel-macos-arm64 1.3.0 28.00 OK
r-oldrel-windows-x86_64 1.3.0 7.00 66.00 73.00 OK

Check Details

Version: 1.3.0
Check: data for non-ASCII characters
Result: NOTE Note: found 1 marked UTF-8 string Flavors: r-devel-linux-x86_64-fedora-clang, r-devel-linux-x86_64-fedora-gcc