CRAN Package Check Results for Package sparklyr.nested

Last updated on 2024-02-23 08:53:45 CET.

Flavor Version Tinstall Tcheck Ttotal Status Flags
r-devel-linux-x86_64-debian-clang 0.0.4 NOTE
r-devel-linux-x86_64-debian-gcc 0.0.4 6.38 51.02 57.40 NOTE
r-devel-linux-x86_64-fedora-clang 0.0.4 91.33 OK
r-devel-linux-x86_64-fedora-gcc 0.0.4 93.05 OK
r-devel-windows-x86_64 0.0.4 7.00 67.00 74.00 OK
r-patched-linux-x86_64 0.0.4 6.05 64.39 70.44 OK
r-release-linux-x86_64 0.0.4 5.01 65.21 70.22 OK
r-release-macos-arm64 0.0.4 29.00 OK
r-release-macos-x86_64 0.0.4 55.00 OK
r-release-windows-x86_64 0.0.4 10.00 77.00 87.00 OK
r-oldrel-macos-arm64 0.0.4 25.00 OK
r-oldrel-windows-x86_64 0.0.4 9.00 82.00 91.00 OK

Check Details

Version: 0.0.4
Check: Rd files
Result: NOTE checkRd: (-1) sdf_unnest.Rd:20: Lost braces 20 | \code{a1, a2, a3}, then code{sdf_explode(df, a)} will produce output with each record replicated | ^ Flavors: r-devel-linux-x86_64-debian-clang, r-devel-linux-x86_64-debian-gcc