CRAN Package Check Results for Package sparseFLMM

Last updated on 2024-02-22 16:49:29 CET.

Flavor Version Tinstall Tcheck Ttotal Status Flags
r-devel-linux-x86_64-debian-clang 0.4.1 NOTE
r-devel-linux-x86_64-debian-gcc 0.4.1 11.83 107.57 119.40 NOTE
r-devel-linux-x86_64-fedora-clang 0.4.1 204.49 NOTE
r-devel-linux-x86_64-fedora-gcc 0.4.1 200.37 NOTE
r-devel-windows-x86_64 0.4.1 15.00 112.00 127.00 NOTE
r-patched-linux-x86_64 0.4.1 22.68 140.06 162.74 NOTE
r-release-linux-x86_64 0.4.1 12.57 139.70 152.27 NOTE
r-release-macos-arm64 0.4.1 60.00 NOTE
r-release-macos-x86_64 0.4.1 75.00 NOTE
r-release-windows-x86_64 0.4.1 21.00 139.00 160.00 NOTE
r-oldrel-macos-arm64 0.4.1 55.00 OK
r-oldrel-windows-x86_64 0.4.1 21.00 135.00 156.00 OK

Check Details

Version: 0.4.1
Check: package subdirectories
Result: NOTE Problems with news in ‘NEWS.md’: No news entries found. Flavors: r-devel-linux-x86_64-debian-clang, r-devel-linux-x86_64-debian-gcc, r-devel-linux-x86_64-fedora-clang, r-devel-linux-x86_64-fedora-gcc, r-devel-windows-x86_64, r-patched-linux-x86_64, r-release-linux-x86_64, r-release-macos-arm64, r-release-macos-x86_64, r-release-windows-x86_64